{"id":5502,"date":"2023-11-27T09:33:05","date_gmt":"2023-11-27T08:33:05","guid":{"rendered":"https:\/\/seninterim.sn\/?post_type=job_listing&#038;p=5502"},"modified":"2023-12-28T00:03:53","modified_gmt":"2023-12-27T23:03:53","slug":"comptable-bilingue-francais-italien","status":"expired","type":"job_listing","link":"https:\/\/seninterim.sn\/?post_type=job_listing&p=5502","title":{"rendered":"Comptable bilingue : Fran\u00e7ais &#8211; Italien"},"content":{"rendered":"<p><img fetchpriority=\"high\" decoding=\"async\" class=\"alignnone wp-image-5504 \" src=\"https:\/\/seninterim.sn\/wp-content\/uploads\/2023\/06\/shutterstock_1794297097-300x100.jpg\" alt=\"\" width=\"1020\" height=\"340\" srcset=\"https:\/\/seninterim.sn\/wp-content\/uploads\/2023\/06\/shutterstock_1794297097-300x100.jpg 300w, https:\/\/seninterim.sn\/wp-content\/uploads\/2023\/06\/shutterstock_1794297097-1024x341.jpg 1024w, https:\/\/seninterim.sn\/wp-content\/uploads\/2023\/06\/shutterstock_1794297097-1536x512.jpg 1536w, https:\/\/seninterim.sn\/wp-content\/uploads\/2023\/06\/shutterstock_1794297097-2048x683.jpg 2048w, https:\/\/seninterim.sn\/wp-content\/uploads\/2023\/06\/shutterstock_1794297097-878x293.jpg 878w, https:\/\/seninterim.sn\/wp-content\/uploads\/2023\/06\/shutterstock_1794297097-323x108.jpg 323w, https:\/\/seninterim.sn\/wp-content\/uploads\/2023\/06\/shutterstock_1794297097-440x147.jpg 440w, https:\/\/seninterim.sn\/wp-content\/uploads\/2023\/06\/shutterstock_1794297097-675x225.jpg 675w\" sizes=\"(max-width: 1020px) 100vw, 1020px\" \/><\/p>\n<p>Nous sommes \u00e0 la recherche d\u2019un profil comptable bilingue\u00a0: fran\u00e7ais \u2013 italien pour le compte d\u2019une structure de la place .<\/p>\n<p>comp\u00e9tences requises :<\/p>\n<ul>\n<li style=\"font-weight: 400\">Une bonne exp\u00e9rience en administration et comptabilit\u00e9<\/li>\n<li style=\"font-weight: 400\">Parfaite maitrise des principaux logiciels de comptabilit\u00e9<\/li>\n<li style=\"font-weight: 400\">Une bonne compr\u00e9hension de la langue ITALIENNE (lu, \u00e9crit, parl\u00e9)<\/li>\n<\/ul>\n\n    <div class=\"xs_social_share_widget xs_share_url after_content \t\tmain_content  wslu-style-1 wslu-share-box-shaped wslu-fill-colored wslu-none wslu-share-horizontal wslu-theme-font-no wslu-main_content\">\n\n\t\t\n        <ul>\n\t\t\t        <\/ul>\n    <\/div> \n","protected":false},"author":1,"featured_media":5459,"template":"","meta":{"_promoted":"","_job_location":"Dakar","_company_name":"","_company_website":"https:\/\/seninterim.sn\/","_company_video":"","_company_tagline":"","_company_twitter":"seninterim","_application":"contact@seninterim.sn","_filled":0,"_featured":1,"_remote_position":0,"_job_salary":"","_job_salary_currency":"","_job_salary_unit":""},"job-categories":[39],"job-types":[2],"class_list":{"0":"post-5502","1":"job_listing","2":"type-job_listing","3":"status-expired","4":"has-post-thumbnail","5":"hentry","7":"job-type-plein-temps","8":"job_position_featured"},"yoast_head":"<!-- This site is optimized with the Yoast SEO plugin v22.0 - https:\/\/yoast.com\/wordpress\/plugins\/seo\/ -->\n<title>Comptable bilingue : Fran\u00e7ais - Italien - Sen Interim<\/title>\n<meta name=\"robots\" content=\"index, follow, max-snippet:-1, max-image-preview:large, max-video-preview:-1\" \/>\n<link rel=\"canonical\" href=\"https:\/\/seninterim.sn\/?post_type=job_listing&p=5502\" \/>\n<meta property=\"og:locale\" content=\"fr_FR\" \/>\n<meta property=\"og:type\" content=\"article\" \/>\n<meta property=\"og:title\" content=\"Comptable bilingue : Fran\u00e7ais - Italien - Sen Interim\" \/>\n<meta property=\"og:description\" content=\"Nous sommes \u00e0 la recherche d\u2019un profil comptable bilingue\u00a0: fran\u00e7ais \u2013 italien pour le compte d\u2019une structure de la place . comp\u00e9tences requises : Une bonne exp\u00e9rience en administration et comptabilit\u00e9 Parfaite maitrise des principaux logiciels de comptabilit\u00e9 Une bonne compr\u00e9hension de la langue ITALIENNE (lu, \u00e9crit, parl\u00e9)\" \/>\n<meta property=\"og:url\" content=\"https:\/\/seninterim.sn\/?post_type=job_listing&amp;p=5502\" \/>\n<meta property=\"og:site_name\" content=\"Sen Interim\" \/>\n<meta property=\"article:publisher\" content=\"https:\/\/www.facebook.com\/Senegalinterimaire\" \/>\n<meta property=\"article:modified_time\" content=\"2023-12-27T23:03:53+00:00\" \/>\n<meta property=\"og:image\" content=\"https:\/\/seninterim.sn\/wp-content\/uploads\/2023\/06\/image001.jpg\" \/>\n\t<meta property=\"og:image:width\" content=\"85\" \/>\n\t<meta property=\"og:image:height\" content=\"124\" \/>\n\t<meta property=\"og:image:type\" content=\"image\/jpeg\" \/>\n<meta name=\"twitter:card\" content=\"summary_large_image\" \/>\n<meta name=\"twitter:site\" content=\"@sen_interim\" \/>\n<meta name=\"twitter:label1\" content=\"Dur\u00e9e de lecture estim\u00e9e\" \/>\n\t<meta name=\"twitter:data1\" content=\"1 minute\" \/>\n<script type=\"application\/ld+json\" class=\"yoast-schema-graph\">{\"@context\":\"https:\/\/schema.org\",\"@graph\":[{\"@type\":\"WebPage\",\"@id\":\"https:\/\/seninterim.sn\/?post_type=job_listing&p=5502\",\"url\":\"https:\/\/seninterim.sn\/?post_type=job_listing&p=5502\",\"name\":\"Comptable bilingue : Fran\u00e7ais - Italien - Sen Interim\",\"isPartOf\":{\"@id\":\"https:\/\/seninterim.sn\/#website\"},\"datePublished\":\"2023-11-27T08:33:05+00:00\",\"dateModified\":\"2023-12-27T23:03:53+00:00\",\"breadcrumb\":{\"@id\":\"https:\/\/seninterim.sn\/?post_type=job_listing&p=5502#breadcrumb\"},\"inLanguage\":\"fr-FR\",\"potentialAction\":[{\"@type\":\"ReadAction\",\"target\":[\"https:\/\/seninterim.sn\/?post_type=job_listing&p=5502\"]}]},{\"@type\":\"BreadcrumbList\",\"@id\":\"https:\/\/seninterim.sn\/?post_type=job_listing&p=5502#breadcrumb\",\"itemListElement\":[{\"@type\":\"ListItem\",\"position\":1,\"name\":\"Home\",\"item\":\"https:\/\/seninterim.sn\/\"},{\"@type\":\"ListItem\",\"position\":2,\"name\":\"Comptable bilingue : Fran\u00e7ais &#8211; Italien\"}]},{\"@type\":\"WebSite\",\"@id\":\"https:\/\/seninterim.sn\/#website\",\"url\":\"https:\/\/seninterim.sn\/\",\"name\":\"Sen Interim\",\"description\":\"Recruter est un plaisir\",\"publisher\":{\"@id\":\"https:\/\/seninterim.sn\/#organization\"},\"potentialAction\":[{\"@type\":\"SearchAction\",\"target\":{\"@type\":\"EntryPoint\",\"urlTemplate\":\"https:\/\/seninterim.sn\/?s={search_term_string}\"},\"query-input\":\"required name=search_term_string\"}],\"inLanguage\":\"fr-FR\"},{\"@type\":\"Organization\",\"@id\":\"https:\/\/seninterim.sn\/#organization\",\"name\":\"Sen Interim\",\"url\":\"https:\/\/seninterim.sn\/\",\"logo\":{\"@type\":\"ImageObject\",\"inLanguage\":\"fr-FR\",\"@id\":\"https:\/\/seninterim.sn\/#\/schema\/logo\/image\/\",\"url\":\"https:\/\/seninterim.sn\/wp-content\/uploads\/2022\/07\/cropped-cropped-telechargement-removebg-preview.png\",\"contentUrl\":\"https:\/\/seninterim.sn\/wp-content\/uploads\/2022\/07\/cropped-cropped-telechargement-removebg-preview.png\",\"width\":100,\"height\":100,\"caption\":\"Sen Interim\"},\"image\":{\"@id\":\"https:\/\/seninterim.sn\/#\/schema\/logo\/image\/\"},\"sameAs\":[\"https:\/\/www.facebook.com\/Senegalinterimaire\",\"https:\/\/twitter.com\/sen_interim\"]}]}<\/script>\n<!-- \/ Yoast SEO plugin. -->","yoast_head_json":{"title":"Comptable bilingue : Fran\u00e7ais - Italien - Sen Interim","robots":{"index":"index","follow":"follow","max-snippet":"max-snippet:-1","max-image-preview":"max-image-preview:large","max-video-preview":"max-video-preview:-1"},"canonical":"https:\/\/seninterim.sn\/?post_type=job_listing&p=5502","og_locale":"fr_FR","og_type":"article","og_title":"Comptable bilingue : Fran\u00e7ais - Italien - Sen Interim","og_description":"Nous sommes \u00e0 la recherche d\u2019un profil comptable bilingue\u00a0: fran\u00e7ais \u2013 italien pour le compte d\u2019une structure de la place . comp\u00e9tences requises : Une bonne exp\u00e9rience en administration et comptabilit\u00e9 Parfaite maitrise des principaux logiciels de comptabilit\u00e9 Une bonne compr\u00e9hension de la langue ITALIENNE (lu, \u00e9crit, parl\u00e9)","og_url":"https:\/\/seninterim.sn\/?post_type=job_listing&p=5502","og_site_name":"Sen Interim","article_publisher":"https:\/\/www.facebook.com\/Senegalinterimaire","article_modified_time":"2023-12-27T23:03:53+00:00","og_image":[{"width":85,"height":124,"url":"https:\/\/seninterim.sn\/wp-content\/uploads\/2023\/06\/image001.jpg","type":"image\/jpeg"}],"twitter_card":"summary_large_image","twitter_site":"@sen_interim","twitter_misc":{"Dur\u00e9e de lecture estim\u00e9e":"1 minute"},"schema":{"@context":"https:\/\/schema.org","@graph":[{"@type":"WebPage","@id":"https:\/\/seninterim.sn\/?post_type=job_listing&p=5502","url":"https:\/\/seninterim.sn\/?post_type=job_listing&p=5502","name":"Comptable bilingue : Fran\u00e7ais - Italien - Sen Interim","isPartOf":{"@id":"https:\/\/seninterim.sn\/#website"},"datePublished":"2023-11-27T08:33:05+00:00","dateModified":"2023-12-27T23:03:53+00:00","breadcrumb":{"@id":"https:\/\/seninterim.sn\/?post_type=job_listing&p=5502#breadcrumb"},"inLanguage":"fr-FR","potentialAction":[{"@type":"ReadAction","target":["https:\/\/seninterim.sn\/?post_type=job_listing&p=5502"]}]},{"@type":"BreadcrumbList","@id":"https:\/\/seninterim.sn\/?post_type=job_listing&p=5502#breadcrumb","itemListElement":[{"@type":"ListItem","position":1,"name":"Home","item":"https:\/\/seninterim.sn\/"},{"@type":"ListItem","position":2,"name":"Comptable bilingue : Fran\u00e7ais &#8211; Italien"}]},{"@type":"WebSite","@id":"https:\/\/seninterim.sn\/#website","url":"https:\/\/seninterim.sn\/","name":"Sen Interim","description":"Recruter est un plaisir","publisher":{"@id":"https:\/\/seninterim.sn\/#organization"},"potentialAction":[{"@type":"SearchAction","target":{"@type":"EntryPoint","urlTemplate":"https:\/\/seninterim.sn\/?s={search_term_string}"},"query-input":"required name=search_term_string"}],"inLanguage":"fr-FR"},{"@type":"Organization","@id":"https:\/\/seninterim.sn\/#organization","name":"Sen Interim","url":"https:\/\/seninterim.sn\/","logo":{"@type":"ImageObject","inLanguage":"fr-FR","@id":"https:\/\/seninterim.sn\/#\/schema\/logo\/image\/","url":"https:\/\/seninterim.sn\/wp-content\/uploads\/2022\/07\/cropped-cropped-telechargement-removebg-preview.png","contentUrl":"https:\/\/seninterim.sn\/wp-content\/uploads\/2022\/07\/cropped-cropped-telechargement-removebg-preview.png","width":100,"height":100,"caption":"Sen Interim"},"image":{"@id":"https:\/\/seninterim.sn\/#\/schema\/logo\/image\/"},"sameAs":["https:\/\/www.facebook.com\/Senegalinterimaire","https:\/\/twitter.com\/sen_interim"]}]}},"_links":{"self":[{"href":"https:\/\/seninterim.sn\/index.php\/wp-json\/wp\/v2\/job-listings\/5502","targetHints":{"allow":["GET"]}}],"collection":[{"href":"https:\/\/seninterim.sn\/index.php\/wp-json\/wp\/v2\/job-listings"}],"about":[{"href":"https:\/\/seninterim.sn\/index.php\/wp-json\/wp\/v2\/types\/job_listing"}],"author":[{"embeddable":true,"href":"https:\/\/seninterim.sn\/index.php\/wp-json\/wp\/v2\/users\/1"}],"wp:featuredmedia":[{"embeddable":true,"href":"https:\/\/seninterim.sn\/index.php\/wp-json\/wp\/v2\/media\/5459"}],"wp:attachment":[{"href":"https:\/\/seninterim.sn\/index.php\/wp-json\/wp\/v2\/media?parent=5502"}],"wp:term":[{"taxonomy":"job_listing_category","embeddable":true,"href":"https:\/\/seninterim.sn\/index.php\/wp-json\/wp\/v2\/job-categories?post=5502"},{"taxonomy":"job_listing_type","embeddable":true,"href":"https:\/\/seninterim.sn\/index.php\/wp-json\/wp\/v2\/job-types?post=5502"}],"curies":[{"name":"wp","href":"https:\/\/api.w.org\/{rel}","templated":true}]}}

Comptable bilingue : Français &#8211; Italien

<p><img fetchpriority="high" decoding="async" class="alignnone wp-image-5504 " src="https://seninterim.sn/wp-content/uploads/2023/06/shutterstock_1794297097-300x100.jpg" alt="" width="1020" height="340" srcset="https://seninterim.sn/wp-content/uploads/2023/06/shutterstock_1794297097-300x100.jpg 300w, https://seninterim.sn/wp-content/uploads/2023/06/shutterstock_1794297097-1024x341.jpg 1024w, https://seninterim.sn/wp-content/uploads/2023/06/shutterstock_1794297097-1536x512.jpg 1536w, https://seninterim.sn/wp-content/uploads/2023/06/shutterstock_1794297097-2048x683.jpg 2048w, https://seninterim.sn/wp-content/uploads/2023/06/shutterstock_1794297097-878x293.jpg 878w, https://seninterim.sn/wp-content/uploads/2023/06/shutterstock_1794297097-323x108.jpg 323w, https://seninterim.sn/wp-content/uploads/2023/06/shutterstock_1794297097-440x147.jpg 440w, https://seninterim.sn/wp-content/uploads/2023/06/shutterstock_1794297097-675x225.jpg 675w" sizes="(max-width: 1020px) 100vw, 1020px" /></p>
<p>Nous sommes à la recherche d’un profil comptable bilingue : français – italien pour le compte d’une structure de la place .</p>
<p>compétences requises :</p>
<ul>
<li style="font-weight: 400">Une bonne expérience en administration et comptabilité</li>
<li style="font-weight: 400">Parfaite maitrise des principaux logiciels de comptabilité</li>
<li style="font-weight: 400">Une bonne compréhension de la langue ITALIENNE (lu, écrit, parlé)</li>
</ul>

    <div class="xs_social_share_widget xs_share_url after_content 		main_content  wslu-style-1 wslu-share-box-shaped wslu-fill-colored wslu-none wslu-share-horizontal wslu-theme-font-no wslu-main_content">

		
        <ul>
			        </ul>
    </div>

<!-- This site is optimized with the Yoast SEO plugin v22.0 - https://yoast.com/wordpress/plugins/seo/ -->
<title>Comptable bilingue : Français - Italien - Sen Interim</title>
<meta name="robots" content="index, follow, max-snippet:-1, max-image-preview:large, max-video-preview:-1" />
<link rel="canonical" href="https://seninterim.sn/?post_type=job_listing&p=5502" />
<meta property="og:locale" content="fr_FR" />
<meta property="og:type" content="article" />
<meta property="og:title" content="Comptable bilingue : Français - Italien - Sen Interim" />
<meta property="og:description" content="Nous sommes à la recherche d’un profil comptable bilingue : français – italien pour le compte d’une structure de la place . compétences requises : Une bonne expérience en administration et comptabilité Parfaite maitrise des principaux logiciels de comptabilité Une bonne compréhension de la langue ITALIENNE (lu, écrit, parlé)" />
<meta property="og:url" content="https://seninterim.sn/?post_type=job_listing&amp;p=5502" />
<meta property="og:site_name" content="Sen Interim" />
<meta property="article:publisher" content="https://www.facebook.com/Senegalinterimaire" />
<meta property="article:modified_time" content="2023-12-27T23:03:53+00:00" />
<meta property="og:image" content="https://seninterim.sn/wp-content/uploads/2023/06/image001.jpg" />
	<meta property="og:image:width" content="85" />
	<meta property="og:image:height" content="124" />
	<meta property="og:image:type" content="image/jpeg" />
<meta name="twitter:card" content="summary_large_image" />
<meta name="twitter:site" content="@sen_interim" />
<meta name="twitter:label1" content="Durée de lecture estimée" />
	<meta name="twitter:data1" content="1 minute" />
<script type="application/ld+json" class="yoast-schema-graph">{"@context":"https://schema.org","@graph":[{"@type":"WebPage","@id":"https://seninterim.sn/?post_type=job_listing&p=5502","url":"https://seninterim.sn/?post_type=job_listing&p=5502","name":"Comptable bilingue : Français - Italien - Sen Interim","isPartOf":{"@id":"https://seninterim.sn/#website"},"datePublished":"2023-11-27T08:33:05+00:00","dateModified":"2023-12-27T23:03:53+00:00","breadcrumb":{"@id":"https://seninterim.sn/?post_type=job_listing&p=5502#breadcrumb"},"inLanguage":"fr-FR","potentialAction":[{"@type":"ReadAction","target":["https://seninterim.sn/?post_type=job_listing&p=5502"]}]},{"@type":"BreadcrumbList","@id":"https://seninterim.sn/?post_type=job_listing&p=5502#breadcrumb","itemListElement":[{"@type":"ListItem","position":1,"name":"Home","item":"https://seninterim.sn/"},{"@type":"ListItem","position":2,"name":"Comptable bilingue : Français &#8211; Italien"}]},{"@type":"WebSite","@id":"https://seninterim.sn/#website","url":"https://seninterim.sn/","name":"Sen Interim","description":"Recruter est un plaisir","publisher":{"@id":"https://seninterim.sn/#organization"},"potentialAction":[{"@type":"SearchAction","target":{"@type":"EntryPoint","urlTemplate":"https://seninterim.sn/?s={search_term_string}"},"query-input":"required name=search_term_string"}],"inLanguage":"fr-FR"},{"@type":"Organization","@id":"https://seninterim.sn/#organization","name":"Sen Interim","url":"https://seninterim.sn/","logo":{"@type":"ImageObject","inLanguage":"fr-FR","@id":"https://seninterim.sn/#/schema/logo/image/","url":"https://seninterim.sn/wp-content/uploads/2022/07/cropped-cropped-telechargement-removebg-preview.png","contentUrl":"https://seninterim.sn/wp-content/uploads/2022/07/cropped-cropped-telechargement-removebg-preview.png","width":100,"height":100,"caption":"Sen Interim"},"image":{"@id":"https://seninterim.sn/#/schema/logo/image/"},"sameAs":["https://www.facebook.com/Senegalinterimaire","https://twitter.com/sen_interim"]}]}</script>
<!-- / Yoast SEO plugin. -->

Comptable bilingue : Français - Italien - Sen Interim

Nous sommes à la recherche d’un profil comptable bilingue : français – italien pour le compte d’une structure de la place . compétences requises : Une bonne expérience en administration et comptabilité Parfaite maitrise des principaux logiciels de comptabilité Une bonne compréhension de la langue ITALIENNE (lu, écrit, parlé)
