{"id":21672,"date":"2026-02-24T15:02:25","date_gmt":"2026-02-24T14:02:25","guid":{"rendered":"https:\/\/seninterim.sn\/?post_type=job_listing&#038;p=21672"},"modified":"2026-03-27T00:03:37","modified_gmt":"2026-03-26T23:03:37","slug":"recrutement-responsable-qualite","status":"expired","type":"job_listing","link":"https:\/\/seninterim.sn\/?post_type=job_listing&p=21672","title":{"rendered":"RECRUTEMENT RESPONSABLE QUALITE"},"content":{"rendered":"<p>Nous sommes \u00e0 la recherche d&rsquo;un responsable qualit\u00e9.<\/p>\n<p>Profil recherch\u00e9<\/p>\n<ul type=\"disc\">\n<li>Titulaire d\u2019un master (Master Qualit\u00e9, Qualit\u00e9 S\u00e9curit\u00e9 Environnement, Ing\u00e9nierie, ou \u00e9quivalent).<\/li>\n<li>Minimum 2 ans d\u2019exp\u00e9rience r\u00e9ussie dans un r\u00f4le de qualit\u00e9.<\/li>\n<li>Ma\u00eetrise des normes et outils qualit\u00e9 ISO (au moins ISO 9001; connaissance souhait\u00e9e des autres normes ISO pertinentes).<\/li>\n<li>Connaissance des m\u00e9thodes d\u2019audit (audit interne, 8D, DMAIC, FMEA, SPC).<\/li>\n<li>Esprit analytique, rigueur, et excellente capacit\u00e9 r\u00e9dactionnelle.<\/li>\n<li>Bon relationnel et autonomie, capacit\u00e9 \u00e0 former et influencer les \u00e9quipes.<\/li>\n<li>Ma\u00eetrise des outils bureautiques et de gestion documentaire; exp\u00e9rience avec les syst\u00e8mes SMQ et les logiciels de qualit\u00e9 est un plus.<\/li>\n<li>Langues: fran\u00e7ais courant; anglais technique un avantage.<\/li>\n<\/ul>\n<div><span style=\"color: #000000;font-family: Century Gothic, sans-serif\">\u00a0<\/span><\/div>\n<div><span style=\"color: #000000;font-family: Century Gothic, sans-serif\">Envoyez votre CV \u00e0 l&rsquo;adresse :\u00a0<a href=\"mailto:recrutement@seninterim.sn\" target=\"_blank\" rel=\"noopener\">recrutement@seninterim.sn<\/a><\/span><\/div>\n\n    <div class=\"xs_social_share_widget xs_share_url after_content \t\tmain_content  wslu-style-1 wslu-share-box-shaped wslu-fill-colored wslu-none wslu-share-horizontal wslu-theme-font-no wslu-main_content\">\n\n\t\t\n        <ul>\n\t\t\t        <\/ul>\n    <\/div> \n","protected":false},"author":1,"featured_media":0,"template":"","meta":{"_promoted":"","_job_location":"","_company_name":"","_company_website":"","_company_video":"","_company_tagline":"","_company_twitter":"","_application":"recrutement@seninterim.sn","_filled":0,"_featured":1,"_remote_position":0,"_job_salary":"","_job_salary_currency":"","_job_salary_unit":""},"job-categories":[],"job-types":[],"class_list":{"0":"post-21672","1":"job_listing","2":"type-job_listing","3":"status-expired","4":"hentry","5":"job-urgent","7":"job_position_featured"},"yoast_head":"<!-- This site is optimized with the Yoast SEO plugin v22.0 - https:\/\/yoast.com\/wordpress\/plugins\/seo\/ -->\n<title>RECRUTEMENT RESPONSABLE QUALITE - Sen Interim<\/title>\n<meta name=\"robots\" content=\"index, follow, max-snippet:-1, max-image-preview:large, max-video-preview:-1\" \/>\n<link rel=\"canonical\" href=\"https:\/\/seninterim.sn\/?post_type=job_listing&p=21672\" \/>\n<meta property=\"og:locale\" content=\"fr_FR\" \/>\n<meta property=\"og:type\" content=\"article\" \/>\n<meta property=\"og:title\" content=\"RECRUTEMENT RESPONSABLE QUALITE - Sen Interim\" \/>\n<meta property=\"og:description\" content=\"Nous sommes \u00e0 la recherche d&rsquo;un responsable qualit\u00e9. Profil recherch\u00e9 Titulaire d\u2019un master (Master Qualit\u00e9, Qualit\u00e9 S\u00e9curit\u00e9 Environnement, Ing\u00e9nierie, ou \u00e9quivalent). Minimum 2 ans d\u2019exp\u00e9rience r\u00e9ussie dans un r\u00f4le de qualit\u00e9. Ma\u00eetrise des normes et outils qualit\u00e9 ISO (au moins ISO 9001; connaissance souhait\u00e9e des autres normes ISO pertinentes). Connaissance des m\u00e9thodes d\u2019audit (audit interne, [&hellip;]\" \/>\n<meta property=\"og:url\" content=\"https:\/\/seninterim.sn\/?post_type=job_listing&amp;p=21672\" \/>\n<meta property=\"og:site_name\" content=\"Sen Interim\" \/>\n<meta property=\"article:publisher\" content=\"https:\/\/www.facebook.com\/Senegalinterimaire\" \/>\n<meta property=\"article:modified_time\" content=\"2026-03-26T23:03:37+00:00\" \/>\n<meta name=\"twitter:card\" content=\"summary_large_image\" \/>\n<meta name=\"twitter:site\" content=\"@sen_interim\" \/>\n<meta name=\"twitter:label1\" content=\"Dur\u00e9e de lecture estim\u00e9e\" \/>\n\t<meta name=\"twitter:data1\" content=\"1 minute\" \/>\n<script type=\"application\/ld+json\" class=\"yoast-schema-graph\">{\"@context\":\"https:\/\/schema.org\",\"@graph\":[{\"@type\":\"WebPage\",\"@id\":\"https:\/\/seninterim.sn\/?post_type=job_listing&p=21672\",\"url\":\"https:\/\/seninterim.sn\/?post_type=job_listing&p=21672\",\"name\":\"RECRUTEMENT RESPONSABLE QUALITE - Sen Interim\",\"isPartOf\":{\"@id\":\"https:\/\/seninterim.sn\/#website\"},\"datePublished\":\"2026-02-24T14:02:25+00:00\",\"dateModified\":\"2026-03-26T23:03:37+00:00\",\"breadcrumb\":{\"@id\":\"https:\/\/seninterim.sn\/?post_type=job_listing&p=21672#breadcrumb\"},\"inLanguage\":\"fr-FR\",\"potentialAction\":[{\"@type\":\"ReadAction\",\"target\":[\"https:\/\/seninterim.sn\/?post_type=job_listing&p=21672\"]}]},{\"@type\":\"BreadcrumbList\",\"@id\":\"https:\/\/seninterim.sn\/?post_type=job_listing&p=21672#breadcrumb\",\"itemListElement\":[{\"@type\":\"ListItem\",\"position\":1,\"name\":\"Home\",\"item\":\"https:\/\/seninterim.sn\/\"},{\"@type\":\"ListItem\",\"position\":2,\"name\":\"RECRUTEMENT RESPONSABLE QUALITE\"}]},{\"@type\":\"WebSite\",\"@id\":\"https:\/\/seninterim.sn\/#website\",\"url\":\"https:\/\/seninterim.sn\/\",\"name\":\"Sen Interim\",\"description\":\"Recruter est un plaisir\",\"publisher\":{\"@id\":\"https:\/\/seninterim.sn\/#organization\"},\"potentialAction\":[{\"@type\":\"SearchAction\",\"target\":{\"@type\":\"EntryPoint\",\"urlTemplate\":\"https:\/\/seninterim.sn\/?s={search_term_string}\"},\"query-input\":\"required name=search_term_string\"}],\"inLanguage\":\"fr-FR\"},{\"@type\":\"Organization\",\"@id\":\"https:\/\/seninterim.sn\/#organization\",\"name\":\"Sen Interim\",\"url\":\"https:\/\/seninterim.sn\/\",\"logo\":{\"@type\":\"ImageObject\",\"inLanguage\":\"fr-FR\",\"@id\":\"https:\/\/seninterim.sn\/#\/schema\/logo\/image\/\",\"url\":\"https:\/\/seninterim.sn\/wp-content\/uploads\/2022\/07\/cropped-cropped-telechargement-removebg-preview.png\",\"contentUrl\":\"https:\/\/seninterim.sn\/wp-content\/uploads\/2022\/07\/cropped-cropped-telechargement-removebg-preview.png\",\"width\":100,\"height\":100,\"caption\":\"Sen Interim\"},\"image\":{\"@id\":\"https:\/\/seninterim.sn\/#\/schema\/logo\/image\/\"},\"sameAs\":[\"https:\/\/www.facebook.com\/Senegalinterimaire\",\"https:\/\/twitter.com\/sen_interim\"]}]}<\/script>\n<!-- \/ Yoast SEO plugin. -->","yoast_head_json":{"title":"RECRUTEMENT RESPONSABLE QUALITE - Sen Interim","robots":{"index":"index","follow":"follow","max-snippet":"max-snippet:-1","max-image-preview":"max-image-preview:large","max-video-preview":"max-video-preview:-1"},"canonical":"https:\/\/seninterim.sn\/?post_type=job_listing&p=21672","og_locale":"fr_FR","og_type":"article","og_title":"RECRUTEMENT RESPONSABLE QUALITE - Sen Interim","og_description":"Nous sommes \u00e0 la recherche d&rsquo;un responsable qualit\u00e9. Profil recherch\u00e9 Titulaire d\u2019un master (Master Qualit\u00e9, Qualit\u00e9 S\u00e9curit\u00e9 Environnement, Ing\u00e9nierie, ou \u00e9quivalent). Minimum 2 ans d\u2019exp\u00e9rience r\u00e9ussie dans un r\u00f4le de qualit\u00e9. Ma\u00eetrise des normes et outils qualit\u00e9 ISO (au moins ISO 9001; connaissance souhait\u00e9e des autres normes ISO pertinentes). Connaissance des m\u00e9thodes d\u2019audit (audit interne, [&hellip;]","og_url":"https:\/\/seninterim.sn\/?post_type=job_listing&p=21672","og_site_name":"Sen Interim","article_publisher":"https:\/\/www.facebook.com\/Senegalinterimaire","article_modified_time":"2026-03-26T23:03:37+00:00","twitter_card":"summary_large_image","twitter_site":"@sen_interim","twitter_misc":{"Dur\u00e9e de lecture estim\u00e9e":"1 minute"},"schema":{"@context":"https:\/\/schema.org","@graph":[{"@type":"WebPage","@id":"https:\/\/seninterim.sn\/?post_type=job_listing&p=21672","url":"https:\/\/seninterim.sn\/?post_type=job_listing&p=21672","name":"RECRUTEMENT RESPONSABLE QUALITE - Sen Interim","isPartOf":{"@id":"https:\/\/seninterim.sn\/#website"},"datePublished":"2026-02-24T14:02:25+00:00","dateModified":"2026-03-26T23:03:37+00:00","breadcrumb":{"@id":"https:\/\/seninterim.sn\/?post_type=job_listing&p=21672#breadcrumb"},"inLanguage":"fr-FR","potentialAction":[{"@type":"ReadAction","target":["https:\/\/seninterim.sn\/?post_type=job_listing&p=21672"]}]},{"@type":"BreadcrumbList","@id":"https:\/\/seninterim.sn\/?post_type=job_listing&p=21672#breadcrumb","itemListElement":[{"@type":"ListItem","position":1,"name":"Home","item":"https:\/\/seninterim.sn\/"},{"@type":"ListItem","position":2,"name":"RECRUTEMENT RESPONSABLE QUALITE"}]},{"@type":"WebSite","@id":"https:\/\/seninterim.sn\/#website","url":"https:\/\/seninterim.sn\/","name":"Sen Interim","description":"Recruter est un plaisir","publisher":{"@id":"https:\/\/seninterim.sn\/#organization"},"potentialAction":[{"@type":"SearchAction","target":{"@type":"EntryPoint","urlTemplate":"https:\/\/seninterim.sn\/?s={search_term_string}"},"query-input":"required name=search_term_string"}],"inLanguage":"fr-FR"},{"@type":"Organization","@id":"https:\/\/seninterim.sn\/#organization","name":"Sen Interim","url":"https:\/\/seninterim.sn\/","logo":{"@type":"ImageObject","inLanguage":"fr-FR","@id":"https:\/\/seninterim.sn\/#\/schema\/logo\/image\/","url":"https:\/\/seninterim.sn\/wp-content\/uploads\/2022\/07\/cropped-cropped-telechargement-removebg-preview.png","contentUrl":"https:\/\/seninterim.sn\/wp-content\/uploads\/2022\/07\/cropped-cropped-telechargement-removebg-preview.png","width":100,"height":100,"caption":"Sen Interim"},"image":{"@id":"https:\/\/seninterim.sn\/#\/schema\/logo\/image\/"},"sameAs":["https:\/\/www.facebook.com\/Senegalinterimaire","https:\/\/twitter.com\/sen_interim"]}]}},"_links":{"self":[{"href":"https:\/\/seninterim.sn\/index.php\/wp-json\/wp\/v2\/job-listings\/21672","targetHints":{"allow":["GET"]}}],"collection":[{"href":"https:\/\/seninterim.sn\/index.php\/wp-json\/wp\/v2\/job-listings"}],"about":[{"href":"https:\/\/seninterim.sn\/index.php\/wp-json\/wp\/v2\/types\/job_listing"}],"author":[{"embeddable":true,"href":"https:\/\/seninterim.sn\/index.php\/wp-json\/wp\/v2\/users\/1"}],"wp:attachment":[{"href":"https:\/\/seninterim.sn\/index.php\/wp-json\/wp\/v2\/media?parent=21672"}],"wp:term":[{"taxonomy":"job_listing_category","embeddable":true,"href":"https:\/\/seninterim.sn\/index.php\/wp-json\/wp\/v2\/job-categories?post=21672"},{"taxonomy":"job_listing_type","embeddable":true,"href":"https:\/\/seninterim.sn\/index.php\/wp-json\/wp\/v2\/job-types?post=21672"}],"curies":[{"name":"wp","href":"https:\/\/api.w.org\/{rel}","templated":true}]}}

<p>Nous sommes à la recherche d&rsquo;un responsable qualité.</p>
<p>Profil recherché</p>
<ul type="disc">
<li>Titulaire d’un master (Master Qualité, Qualité Sécurité Environnement, Ingénierie, ou équivalent).</li>
<li>Minimum 2 ans d’expérience réussie dans un rôle de qualité.</li>
<li>Maîtrise des normes et outils qualité ISO (au moins ISO 9001; connaissance souhaitée des autres normes ISO pertinentes).</li>
<li>Connaissance des méthodes d’audit (audit interne, 8D, DMAIC, FMEA, SPC).</li>
<li>Esprit analytique, rigueur, et excellente capacité rédactionnelle.</li>
<li>Bon relationnel et autonomie, capacité à former et influencer les équipes.</li>
<li>Maîtrise des outils bureautiques et de gestion documentaire; expérience avec les systèmes SMQ et les logiciels de qualité est un plus.</li>
<li>Langues: français courant; anglais technique un avantage.</li>
</ul>
<div><span style="color: #000000;font-family: Century Gothic, sans-serif"> </span></div>
<div><span style="color: #000000;font-family: Century Gothic, sans-serif">Envoyez votre CV à l&rsquo;adresse : <a href="mailto:recrutement@seninterim.sn" target="_blank" rel="noopener">recrutement@seninterim.sn</a></span></div>

    <div class="xs_social_share_widget xs_share_url after_content 		main_content  wslu-style-1 wslu-share-box-shaped wslu-fill-colored wslu-none wslu-share-horizontal wslu-theme-font-no wslu-main_content">

		
        <ul>
			        </ul>
    </div>

<!-- This site is optimized with the Yoast SEO plugin v22.0 - https://yoast.com/wordpress/plugins/seo/ -->
<title>RECRUTEMENT RESPONSABLE QUALITE - Sen Interim</title>
<meta name="robots" content="index, follow, max-snippet:-1, max-image-preview:large, max-video-preview:-1" />
<link rel="canonical" href="https://seninterim.sn/?post_type=job_listing&p=21672" />
<meta property="og:locale" content="fr_FR" />
<meta property="og:type" content="article" />
<meta property="og:title" content="RECRUTEMENT RESPONSABLE QUALITE - Sen Interim" />
<meta property="og:description" content="Nous sommes à la recherche d&rsquo;un responsable qualité. Profil recherché Titulaire d’un master (Master Qualité, Qualité Sécurité Environnement, Ingénierie, ou équivalent). Minimum 2 ans d’expérience réussie dans un rôle de qualité. Maîtrise des normes et outils qualité ISO (au moins ISO 9001; connaissance souhaitée des autres normes ISO pertinentes). Connaissance des méthodes d’audit (audit interne, [&hellip;]" />
<meta property="og:url" content="https://seninterim.sn/?post_type=job_listing&amp;p=21672" />
<meta property="og:site_name" content="Sen Interim" />
<meta property="article:publisher" content="https://www.facebook.com/Senegalinterimaire" />
<meta property="article:modified_time" content="2026-03-26T23:03:37+00:00" />
<meta name="twitter:card" content="summary_large_image" />
<meta name="twitter:site" content="@sen_interim" />
<meta name="twitter:label1" content="Durée de lecture estimée" />
	<meta name="twitter:data1" content="1 minute" />
<script type="application/ld+json" class="yoast-schema-graph">{"@context":"https://schema.org","@graph":[{"@type":"WebPage","@id":"https://seninterim.sn/?post_type=job_listing&p=21672","url":"https://seninterim.sn/?post_type=job_listing&p=21672","name":"RECRUTEMENT RESPONSABLE QUALITE - Sen Interim","isPartOf":{"@id":"https://seninterim.sn/#website"},"datePublished":"2026-02-24T14:02:25+00:00","dateModified":"2026-03-26T23:03:37+00:00","breadcrumb":{"@id":"https://seninterim.sn/?post_type=job_listing&p=21672#breadcrumb"},"inLanguage":"fr-FR","potentialAction":[{"@type":"ReadAction","target":["https://seninterim.sn/?post_type=job_listing&p=21672"]}]},{"@type":"BreadcrumbList","@id":"https://seninterim.sn/?post_type=job_listing&p=21672#breadcrumb","itemListElement":[{"@type":"ListItem","position":1,"name":"Home","item":"https://seninterim.sn/"},{"@type":"ListItem","position":2,"name":"RECRUTEMENT RESPONSABLE QUALITE"}]},{"@type":"WebSite","@id":"https://seninterim.sn/#website","url":"https://seninterim.sn/","name":"Sen Interim","description":"Recruter est un plaisir","publisher":{"@id":"https://seninterim.sn/#organization"},"potentialAction":[{"@type":"SearchAction","target":{"@type":"EntryPoint","urlTemplate":"https://seninterim.sn/?s={search_term_string}"},"query-input":"required name=search_term_string"}],"inLanguage":"fr-FR"},{"@type":"Organization","@id":"https://seninterim.sn/#organization","name":"Sen Interim","url":"https://seninterim.sn/","logo":{"@type":"ImageObject","inLanguage":"fr-FR","@id":"https://seninterim.sn/#/schema/logo/image/","url":"https://seninterim.sn/wp-content/uploads/2022/07/cropped-cropped-telechargement-removebg-preview.png","contentUrl":"https://seninterim.sn/wp-content/uploads/2022/07/cropped-cropped-telechargement-removebg-preview.png","width":100,"height":100,"caption":"Sen Interim"},"image":{"@id":"https://seninterim.sn/#/schema/logo/image/"},"sameAs":["https://www.facebook.com/Senegalinterimaire","https://twitter.com/sen_interim"]}]}</script>
<!-- / Yoast SEO plugin. -->

Nous sommes à la recherche d&rsquo;un responsable qualité. Profil recherché Titulaire d’un master (Master Qualité, Qualité Sécurité Environnement, Ingénierie, ou équivalent). Minimum 2 ans d’expérience réussie dans un rôle de qualité. Maîtrise des normes et outils qualité ISO (au moins ISO 9001; connaissance souhaitée des autres normes ISO pertinentes). Connaissance des méthodes d’audit (audit interne, [&hellip;]
