{"id":21164,"date":"2025-11-10T13:48:22","date_gmt":"2025-11-10T12:48:22","guid":{"rendered":"https:\/\/seninterim.sn\/?post_type=job_listing&#038;p=21164"},"modified":"2025-12-11T00:11:51","modified_gmt":"2025-12-10T23:11:51","slug":"recrutement-aide-magasinier","status":"expired","type":"job_listing","link":"https:\/\/seninterim.sn\/?post_type=job_listing&p=21164","title":{"rendered":"Recrutement Aide magasinier"},"content":{"rendered":"<p><span style=\"font-family: tahoma, sans-serif\">Nous recrutons un aide magasinier.<\/span><\/p>\n<div><span style=\"font-family: tahoma, sans-serif\"><br \/>\n<\/span><\/p>\n<div><b><span style=\"font-family: tahoma, sans-serif\">T\u00e2ches et Responsabilit\u00e9s :<\/span><\/b><\/div>\n<div><span style=\"font-family: tahoma, sans-serif\"><b>&#8211;<\/b>Stockage<\/span><\/div>\n<div><span style=\"font-family: tahoma, sans-serif\">-Pr\u00e9paration de Commandes<\/span><\/div>\n<div><span style=\"font-family: tahoma, sans-serif\">-Exp\u00e9dition<\/span><\/div>\n<div><span style=\"font-family: tahoma, sans-serif\">-Gestion des Stocks<br \/>\n<\/span><\/p>\n<div><span style=\"font-family: tahoma, sans-serif\">\u00a0<\/span><\/div>\n<div><span style=\"font-family: tahoma, sans-serif\">Envoyez votre candidature \u00e0 : <a href=\"mailto:recrutement@seninterim.sn\" target=\"_blank\" rel=\"noopener\">recrutement@seninterim.sn<\/a><\/span><\/div>\n<\/div>\n<\/div>\n\n    <div class=\"xs_social_share_widget xs_share_url after_content \t\tmain_content  wslu-style-1 wslu-share-box-shaped wslu-fill-colored wslu-none wslu-share-horizontal wslu-theme-font-no wslu-main_content\">\n\n\t\t\n        <ul>\n\t\t\t        <\/ul>\n    <\/div> \n","protected":false},"author":1,"featured_media":0,"template":"","meta":{"_promoted":"","_job_location":"","_company_name":"","_company_website":"","_company_video":"","_company_tagline":"","_company_twitter":"","_application":"recrutement@seninterim.sn","_filled":0,"_featured":1,"_remote_position":0,"_job_salary":"","_job_salary_currency":"","_job_salary_unit":""},"job-categories":[],"job-types":[],"class_list":{"0":"post-21164","1":"job_listing","2":"type-job_listing","3":"status-expired","4":"hentry","5":"job-urgent","7":"job_position_featured"},"yoast_head":"<!-- This site is optimized with the Yoast SEO plugin v22.0 - https:\/\/yoast.com\/wordpress\/plugins\/seo\/ -->\n<title>Recrutement Aide magasinier - Sen Interim<\/title>\n<meta name=\"robots\" content=\"index, follow, max-snippet:-1, max-image-preview:large, max-video-preview:-1\" \/>\n<link rel=\"canonical\" href=\"https:\/\/seninterim.sn\/?post_type=job_listing&p=21164\" \/>\n<meta property=\"og:locale\" content=\"fr_FR\" \/>\n<meta property=\"og:type\" content=\"article\" \/>\n<meta property=\"og:title\" content=\"Recrutement Aide magasinier - Sen Interim\" \/>\n<meta property=\"og:description\" content=\"Nous recrutons un aide magasinier. T\u00e2ches et Responsabilit\u00e9s : &#8211;Stockage -Pr\u00e9paration de Commandes -Exp\u00e9dition -Gestion des Stocks \u00a0 Envoyez votre candidature \u00e0 : recrutement@seninterim.sn\" \/>\n<meta property=\"og:url\" content=\"https:\/\/seninterim.sn\/?post_type=job_listing&amp;p=21164\" \/>\n<meta property=\"og:site_name\" content=\"Sen Interim\" \/>\n<meta property=\"article:publisher\" content=\"https:\/\/www.facebook.com\/Senegalinterimaire\" \/>\n<meta property=\"article:modified_time\" content=\"2025-12-10T23:11:51+00:00\" \/>\n<meta name=\"twitter:card\" content=\"summary_large_image\" \/>\n<meta name=\"twitter:site\" content=\"@sen_interim\" \/>\n<meta name=\"twitter:label1\" content=\"Dur\u00e9e de lecture estim\u00e9e\" \/>\n\t<meta name=\"twitter:data1\" content=\"1 minute\" \/>\n<script type=\"application\/ld+json\" class=\"yoast-schema-graph\">{\"@context\":\"https:\/\/schema.org\",\"@graph\":[{\"@type\":\"WebPage\",\"@id\":\"https:\/\/seninterim.sn\/?post_type=job_listing&p=21164\",\"url\":\"https:\/\/seninterim.sn\/?post_type=job_listing&p=21164\",\"name\":\"Recrutement Aide magasinier - Sen Interim\",\"isPartOf\":{\"@id\":\"https:\/\/seninterim.sn\/#website\"},\"datePublished\":\"2025-11-10T12:48:22+00:00\",\"dateModified\":\"2025-12-10T23:11:51+00:00\",\"breadcrumb\":{\"@id\":\"https:\/\/seninterim.sn\/?post_type=job_listing&p=21164#breadcrumb\"},\"inLanguage\":\"fr-FR\",\"potentialAction\":[{\"@type\":\"ReadAction\",\"target\":[\"https:\/\/seninterim.sn\/?post_type=job_listing&p=21164\"]}]},{\"@type\":\"BreadcrumbList\",\"@id\":\"https:\/\/seninterim.sn\/?post_type=job_listing&p=21164#breadcrumb\",\"itemListElement\":[{\"@type\":\"ListItem\",\"position\":1,\"name\":\"Home\",\"item\":\"https:\/\/seninterim.sn\/\"},{\"@type\":\"ListItem\",\"position\":2,\"name\":\"Recrutement Aide magasinier\"}]},{\"@type\":\"WebSite\",\"@id\":\"https:\/\/seninterim.sn\/#website\",\"url\":\"https:\/\/seninterim.sn\/\",\"name\":\"Sen Interim\",\"description\":\"Recruter est un plaisir\",\"publisher\":{\"@id\":\"https:\/\/seninterim.sn\/#organization\"},\"potentialAction\":[{\"@type\":\"SearchAction\",\"target\":{\"@type\":\"EntryPoint\",\"urlTemplate\":\"https:\/\/seninterim.sn\/?s={search_term_string}\"},\"query-input\":\"required name=search_term_string\"}],\"inLanguage\":\"fr-FR\"},{\"@type\":\"Organization\",\"@id\":\"https:\/\/seninterim.sn\/#organization\",\"name\":\"Sen Interim\",\"url\":\"https:\/\/seninterim.sn\/\",\"logo\":{\"@type\":\"ImageObject\",\"inLanguage\":\"fr-FR\",\"@id\":\"https:\/\/seninterim.sn\/#\/schema\/logo\/image\/\",\"url\":\"https:\/\/seninterim.sn\/wp-content\/uploads\/2022\/07\/cropped-cropped-telechargement-removebg-preview.png\",\"contentUrl\":\"https:\/\/seninterim.sn\/wp-content\/uploads\/2022\/07\/cropped-cropped-telechargement-removebg-preview.png\",\"width\":100,\"height\":100,\"caption\":\"Sen Interim\"},\"image\":{\"@id\":\"https:\/\/seninterim.sn\/#\/schema\/logo\/image\/\"},\"sameAs\":[\"https:\/\/www.facebook.com\/Senegalinterimaire\",\"https:\/\/twitter.com\/sen_interim\"]}]}<\/script>\n<!-- \/ Yoast SEO plugin. -->","yoast_head_json":{"title":"Recrutement Aide magasinier - Sen Interim","robots":{"index":"index","follow":"follow","max-snippet":"max-snippet:-1","max-image-preview":"max-image-preview:large","max-video-preview":"max-video-preview:-1"},"canonical":"https:\/\/seninterim.sn\/?post_type=job_listing&p=21164","og_locale":"fr_FR","og_type":"article","og_title":"Recrutement Aide magasinier - Sen Interim","og_description":"Nous recrutons un aide magasinier. T\u00e2ches et Responsabilit\u00e9s : &#8211;Stockage -Pr\u00e9paration de Commandes -Exp\u00e9dition -Gestion des Stocks \u00a0 Envoyez votre candidature \u00e0 : recrutement@seninterim.sn","og_url":"https:\/\/seninterim.sn\/?post_type=job_listing&p=21164","og_site_name":"Sen Interim","article_publisher":"https:\/\/www.facebook.com\/Senegalinterimaire","article_modified_time":"2025-12-10T23:11:51+00:00","twitter_card":"summary_large_image","twitter_site":"@sen_interim","twitter_misc":{"Dur\u00e9e de lecture estim\u00e9e":"1 minute"},"schema":{"@context":"https:\/\/schema.org","@graph":[{"@type":"WebPage","@id":"https:\/\/seninterim.sn\/?post_type=job_listing&p=21164","url":"https:\/\/seninterim.sn\/?post_type=job_listing&p=21164","name":"Recrutement Aide magasinier - Sen Interim","isPartOf":{"@id":"https:\/\/seninterim.sn\/#website"},"datePublished":"2025-11-10T12:48:22+00:00","dateModified":"2025-12-10T23:11:51+00:00","breadcrumb":{"@id":"https:\/\/seninterim.sn\/?post_type=job_listing&p=21164#breadcrumb"},"inLanguage":"fr-FR","potentialAction":[{"@type":"ReadAction","target":["https:\/\/seninterim.sn\/?post_type=job_listing&p=21164"]}]},{"@type":"BreadcrumbList","@id":"https:\/\/seninterim.sn\/?post_type=job_listing&p=21164#breadcrumb","itemListElement":[{"@type":"ListItem","position":1,"name":"Home","item":"https:\/\/seninterim.sn\/"},{"@type":"ListItem","position":2,"name":"Recrutement Aide magasinier"}]},{"@type":"WebSite","@id":"https:\/\/seninterim.sn\/#website","url":"https:\/\/seninterim.sn\/","name":"Sen Interim","description":"Recruter est un plaisir","publisher":{"@id":"https:\/\/seninterim.sn\/#organization"},"potentialAction":[{"@type":"SearchAction","target":{"@type":"EntryPoint","urlTemplate":"https:\/\/seninterim.sn\/?s={search_term_string}"},"query-input":"required name=search_term_string"}],"inLanguage":"fr-FR"},{"@type":"Organization","@id":"https:\/\/seninterim.sn\/#organization","name":"Sen Interim","url":"https:\/\/seninterim.sn\/","logo":{"@type":"ImageObject","inLanguage":"fr-FR","@id":"https:\/\/seninterim.sn\/#\/schema\/logo\/image\/","url":"https:\/\/seninterim.sn\/wp-content\/uploads\/2022\/07\/cropped-cropped-telechargement-removebg-preview.png","contentUrl":"https:\/\/seninterim.sn\/wp-content\/uploads\/2022\/07\/cropped-cropped-telechargement-removebg-preview.png","width":100,"height":100,"caption":"Sen Interim"},"image":{"@id":"https:\/\/seninterim.sn\/#\/schema\/logo\/image\/"},"sameAs":["https:\/\/www.facebook.com\/Senegalinterimaire","https:\/\/twitter.com\/sen_interim"]}]}},"_links":{"self":[{"href":"https:\/\/seninterim.sn\/index.php\/wp-json\/wp\/v2\/job-listings\/21164","targetHints":{"allow":["GET"]}}],"collection":[{"href":"https:\/\/seninterim.sn\/index.php\/wp-json\/wp\/v2\/job-listings"}],"about":[{"href":"https:\/\/seninterim.sn\/index.php\/wp-json\/wp\/v2\/types\/job_listing"}],"author":[{"embeddable":true,"href":"https:\/\/seninterim.sn\/index.php\/wp-json\/wp\/v2\/users\/1"}],"wp:attachment":[{"href":"https:\/\/seninterim.sn\/index.php\/wp-json\/wp\/v2\/media?parent=21164"}],"wp:term":[{"taxonomy":"job_listing_category","embeddable":true,"href":"https:\/\/seninterim.sn\/index.php\/wp-json\/wp\/v2\/job-categories?post=21164"},{"taxonomy":"job_listing_type","embeddable":true,"href":"https:\/\/seninterim.sn\/index.php\/wp-json\/wp\/v2\/job-types?post=21164"}],"curies":[{"name":"wp","href":"https:\/\/api.w.org\/{rel}","templated":true}]}}

<p><span style="font-family: tahoma, sans-serif">Nous recrutons un aide magasinier.</span></p>
<div><span style="font-family: tahoma, sans-serif"><br />
</span></p>
<div><b><span style="font-family: tahoma, sans-serif">Tâches et Responsabilités :</span></b></div>
<div><span style="font-family: tahoma, sans-serif"><b>&#8211;</b>Stockage</span></div>
<div><span style="font-family: tahoma, sans-serif">-Préparation de Commandes</span></div>
<div><span style="font-family: tahoma, sans-serif">-Expédition</span></div>
<div><span style="font-family: tahoma, sans-serif">-Gestion des Stocks<br />
</span></p>
<div><span style="font-family: tahoma, sans-serif"> </span></div>
<div><span style="font-family: tahoma, sans-serif">Envoyez votre candidature à : <a href="mailto:recrutement@seninterim.sn" target="_blank" rel="noopener">recrutement@seninterim.sn</a></span></div>
</div>
</div>

    <div class="xs_social_share_widget xs_share_url after_content 		main_content  wslu-style-1 wslu-share-box-shaped wslu-fill-colored wslu-none wslu-share-horizontal wslu-theme-font-no wslu-main_content">

		
        <ul>
			        </ul>
    </div>

<!-- This site is optimized with the Yoast SEO plugin v22.0 - https://yoast.com/wordpress/plugins/seo/ -->
<title>Recrutement Aide magasinier - Sen Interim</title>
<meta name="robots" content="index, follow, max-snippet:-1, max-image-preview:large, max-video-preview:-1" />
<link rel="canonical" href="https://seninterim.sn/?post_type=job_listing&p=21164" />
<meta property="og:locale" content="fr_FR" />
<meta property="og:type" content="article" />
<meta property="og:title" content="Recrutement Aide magasinier - Sen Interim" />
<meta property="og:description" content="Nous recrutons un aide magasinier. Tâches et Responsabilités : &#8211;Stockage -Préparation de Commandes -Expédition -Gestion des Stocks   Envoyez votre candidature à : recrutement@seninterim.sn" />
<meta property="og:url" content="https://seninterim.sn/?post_type=job_listing&amp;p=21164" />
<meta property="og:site_name" content="Sen Interim" />
<meta property="article:publisher" content="https://www.facebook.com/Senegalinterimaire" />
<meta property="article:modified_time" content="2025-12-10T23:11:51+00:00" />
<meta name="twitter:card" content="summary_large_image" />
<meta name="twitter:site" content="@sen_interim" />
<meta name="twitter:label1" content="Durée de lecture estimée" />
	<meta name="twitter:data1" content="1 minute" />
<script type="application/ld+json" class="yoast-schema-graph">{"@context":"https://schema.org","@graph":[{"@type":"WebPage","@id":"https://seninterim.sn/?post_type=job_listing&p=21164","url":"https://seninterim.sn/?post_type=job_listing&p=21164","name":"Recrutement Aide magasinier - Sen Interim","isPartOf":{"@id":"https://seninterim.sn/#website"},"datePublished":"2025-11-10T12:48:22+00:00","dateModified":"2025-12-10T23:11:51+00:00","breadcrumb":{"@id":"https://seninterim.sn/?post_type=job_listing&p=21164#breadcrumb"},"inLanguage":"fr-FR","potentialAction":[{"@type":"ReadAction","target":["https://seninterim.sn/?post_type=job_listing&p=21164"]}]},{"@type":"BreadcrumbList","@id":"https://seninterim.sn/?post_type=job_listing&p=21164#breadcrumb","itemListElement":[{"@type":"ListItem","position":1,"name":"Home","item":"https://seninterim.sn/"},{"@type":"ListItem","position":2,"name":"Recrutement Aide magasinier"}]},{"@type":"WebSite","@id":"https://seninterim.sn/#website","url":"https://seninterim.sn/","name":"Sen Interim","description":"Recruter est un plaisir","publisher":{"@id":"https://seninterim.sn/#organization"},"potentialAction":[{"@type":"SearchAction","target":{"@type":"EntryPoint","urlTemplate":"https://seninterim.sn/?s={search_term_string}"},"query-input":"required name=search_term_string"}],"inLanguage":"fr-FR"},{"@type":"Organization","@id":"https://seninterim.sn/#organization","name":"Sen Interim","url":"https://seninterim.sn/","logo":{"@type":"ImageObject","inLanguage":"fr-FR","@id":"https://seninterim.sn/#/schema/logo/image/","url":"https://seninterim.sn/wp-content/uploads/2022/07/cropped-cropped-telechargement-removebg-preview.png","contentUrl":"https://seninterim.sn/wp-content/uploads/2022/07/cropped-cropped-telechargement-removebg-preview.png","width":100,"height":100,"caption":"Sen Interim"},"image":{"@id":"https://seninterim.sn/#/schema/logo/image/"},"sameAs":["https://www.facebook.com/Senegalinterimaire","https://twitter.com/sen_interim"]}]}</script>
<!-- / Yoast SEO plugin. -->

Nous recrutons un aide magasinier. Tâches et Responsabilités : &#8211;Stockage -Préparation de Commandes -Expédition -Gestion des Stocks   Envoyez votre candidature à : recrutement@seninterim.sn
