{"id":21008,"date":"2025-09-22T12:25:47","date_gmt":"2025-09-22T10:25:47","guid":{"rendered":"https:\/\/seninterim.sn\/?post_type=job_listing&#038;p=21008"},"modified":"2025-10-23T00:02:12","modified_gmt":"2025-10-22T22:02:12","slug":"recrutement-enqueteur-senior","status":"expired","type":"job_listing","link":"https:\/\/seninterim.sn\/?post_type=job_listing&p=21008","title":{"rendered":"Recrutement Enqu\u00eateur S\u00e9nior"},"content":{"rendered":"<p><span style=\"font-family: tahoma, sans-serif\">Nous recrutons un enqu\u00eateur :\u00a0<\/span><\/p>\n<div><span style=\"font-family: tahoma, sans-serif\">1 personne \u00e2g\u00e9e (50-55 ans)<\/span><\/div>\n<div><span style=\"font-family: tahoma, sans-serif\">l&rsquo;enqu\u00eateur fera 10 prestations de 2h, soit 20h\/mois selon un planning propos\u00e9.\u00a0<\/span><\/div>\n<div><span style=\"font-family: tahoma, sans-serif\">Exp\u00e9rience requise dans les enqu\u00eates.\u00a0<\/span><\/div>\n<div><span style=\"font-family: tahoma, sans-serif\">Qualit\u00e9s\u00a0requises :<\/span><\/div>\n<div>\n<ul>\n<li><span style=\"font-family: tahoma, sans-serif\">Esprit analytique et observateur<\/span><\/li>\n<li><span style=\"color: #000000;font-family: tahoma, sans-serif\">Comp\u00e9tences humaines et relationnelles\u00a0<\/span><\/li>\n<li><span style=\"color: #000000;font-family: tahoma, sans-serif\">Int\u00e9grit\u00e9 \u00e0 toute \u00e9preuve<\/span><\/li>\n<\/ul>\n<\/div>\n<div><span style=\"font-family: tahoma, sans-serif\">Envoyez votre candidature \u00e0 :\u00a0<a href=\"mailto:recrutement@seninterim.sn\" target=\"_blank\" rel=\"noopener\">recrutement@seninterim.sn<\/a><\/span><\/div>\n\n    <div class=\"xs_social_share_widget xs_share_url after_content \t\tmain_content  wslu-style-1 wslu-share-box-shaped wslu-fill-colored wslu-none wslu-share-horizontal wslu-theme-font-no wslu-main_content\">\n\n\t\t\n        <ul>\n\t\t\t        <\/ul>\n    <\/div> \n","protected":false},"author":1,"featured_media":0,"template":"","meta":{"_promoted":"","_job_location":"","_company_name":"","_company_website":"","_company_video":"","_company_tagline":"","_company_twitter":"","_application":"recrutement@seninterim.sn","_filled":0,"_featured":1,"_remote_position":0,"_job_salary":"","_job_salary_currency":"","_job_salary_unit":""},"job-categories":[],"job-types":[],"class_list":{"0":"post-21008","1":"job_listing","2":"type-job_listing","3":"status-expired","4":"hentry","5":"job-urgent","7":"job_position_featured"},"yoast_head":"<!-- This site is optimized with the Yoast SEO plugin v22.0 - https:\/\/yoast.com\/wordpress\/plugins\/seo\/ -->\n<title>Recrutement Enqu\u00eateur S\u00e9nior - Sen Interim<\/title>\n<meta name=\"robots\" content=\"index, follow, max-snippet:-1, max-image-preview:large, max-video-preview:-1\" \/>\n<link rel=\"canonical\" href=\"https:\/\/seninterim.sn\/?post_type=job_listing&p=21008\" \/>\n<meta property=\"og:locale\" content=\"fr_FR\" \/>\n<meta property=\"og:type\" content=\"article\" \/>\n<meta property=\"og:title\" content=\"Recrutement Enqu\u00eateur S\u00e9nior - Sen Interim\" \/>\n<meta property=\"og:description\" content=\"Nous recrutons un enqu\u00eateur :\u00a0 1 personne \u00e2g\u00e9e (50-55 ans) l&rsquo;enqu\u00eateur fera 10 prestations de 2h, soit 20h\/mois selon un planning propos\u00e9.\u00a0 Exp\u00e9rience requise dans les enqu\u00eates.\u00a0 Qualit\u00e9s\u00a0requises : Esprit analytique et observateur Comp\u00e9tences humaines et relationnelles\u00a0 Int\u00e9grit\u00e9 \u00e0 toute \u00e9preuve Envoyez votre candidature \u00e0 :\u00a0recrutement@seninterim.sn\" \/>\n<meta property=\"og:url\" content=\"https:\/\/seninterim.sn\/?post_type=job_listing&amp;p=21008\" \/>\n<meta property=\"og:site_name\" content=\"Sen Interim\" \/>\n<meta property=\"article:publisher\" content=\"https:\/\/www.facebook.com\/Senegalinterimaire\" \/>\n<meta property=\"article:modified_time\" content=\"2025-10-22T22:02:12+00:00\" \/>\n<meta name=\"twitter:card\" content=\"summary_large_image\" \/>\n<meta name=\"twitter:site\" content=\"@sen_interim\" \/>\n<meta name=\"twitter:label1\" content=\"Dur\u00e9e de lecture estim\u00e9e\" \/>\n\t<meta name=\"twitter:data1\" content=\"1 minute\" \/>\n<script type=\"application\/ld+json\" class=\"yoast-schema-graph\">{\"@context\":\"https:\/\/schema.org\",\"@graph\":[{\"@type\":\"WebPage\",\"@id\":\"https:\/\/seninterim.sn\/?post_type=job_listing&p=21008\",\"url\":\"https:\/\/seninterim.sn\/?post_type=job_listing&p=21008\",\"name\":\"Recrutement Enqu\u00eateur S\u00e9nior - Sen Interim\",\"isPartOf\":{\"@id\":\"https:\/\/seninterim.sn\/#website\"},\"datePublished\":\"2025-09-22T10:25:47+00:00\",\"dateModified\":\"2025-10-22T22:02:12+00:00\",\"breadcrumb\":{\"@id\":\"https:\/\/seninterim.sn\/?post_type=job_listing&p=21008#breadcrumb\"},\"inLanguage\":\"fr-FR\",\"potentialAction\":[{\"@type\":\"ReadAction\",\"target\":[\"https:\/\/seninterim.sn\/?post_type=job_listing&p=21008\"]}]},{\"@type\":\"BreadcrumbList\",\"@id\":\"https:\/\/seninterim.sn\/?post_type=job_listing&p=21008#breadcrumb\",\"itemListElement\":[{\"@type\":\"ListItem\",\"position\":1,\"name\":\"Home\",\"item\":\"https:\/\/seninterim.sn\/\"},{\"@type\":\"ListItem\",\"position\":2,\"name\":\"Recrutement Enqu\u00eateur S\u00e9nior\"}]},{\"@type\":\"WebSite\",\"@id\":\"https:\/\/seninterim.sn\/#website\",\"url\":\"https:\/\/seninterim.sn\/\",\"name\":\"Sen Interim\",\"description\":\"Recruter est un plaisir\",\"publisher\":{\"@id\":\"https:\/\/seninterim.sn\/#organization\"},\"potentialAction\":[{\"@type\":\"SearchAction\",\"target\":{\"@type\":\"EntryPoint\",\"urlTemplate\":\"https:\/\/seninterim.sn\/?s={search_term_string}\"},\"query-input\":\"required name=search_term_string\"}],\"inLanguage\":\"fr-FR\"},{\"@type\":\"Organization\",\"@id\":\"https:\/\/seninterim.sn\/#organization\",\"name\":\"Sen Interim\",\"url\":\"https:\/\/seninterim.sn\/\",\"logo\":{\"@type\":\"ImageObject\",\"inLanguage\":\"fr-FR\",\"@id\":\"https:\/\/seninterim.sn\/#\/schema\/logo\/image\/\",\"url\":\"https:\/\/seninterim.sn\/wp-content\/uploads\/2022\/07\/cropped-cropped-telechargement-removebg-preview.png\",\"contentUrl\":\"https:\/\/seninterim.sn\/wp-content\/uploads\/2022\/07\/cropped-cropped-telechargement-removebg-preview.png\",\"width\":100,\"height\":100,\"caption\":\"Sen Interim\"},\"image\":{\"@id\":\"https:\/\/seninterim.sn\/#\/schema\/logo\/image\/\"},\"sameAs\":[\"https:\/\/www.facebook.com\/Senegalinterimaire\",\"https:\/\/twitter.com\/sen_interim\"]}]}<\/script>\n<!-- \/ Yoast SEO plugin. -->","yoast_head_json":{"title":"Recrutement Enqu\u00eateur S\u00e9nior - Sen Interim","robots":{"index":"index","follow":"follow","max-snippet":"max-snippet:-1","max-image-preview":"max-image-preview:large","max-video-preview":"max-video-preview:-1"},"canonical":"https:\/\/seninterim.sn\/?post_type=job_listing&p=21008","og_locale":"fr_FR","og_type":"article","og_title":"Recrutement Enqu\u00eateur S\u00e9nior - Sen Interim","og_description":"Nous recrutons un enqu\u00eateur :\u00a0 1 personne \u00e2g\u00e9e (50-55 ans) l&rsquo;enqu\u00eateur fera 10 prestations de 2h, soit 20h\/mois selon un planning propos\u00e9.\u00a0 Exp\u00e9rience requise dans les enqu\u00eates.\u00a0 Qualit\u00e9s\u00a0requises : Esprit analytique et observateur Comp\u00e9tences humaines et relationnelles\u00a0 Int\u00e9grit\u00e9 \u00e0 toute \u00e9preuve Envoyez votre candidature \u00e0 :\u00a0recrutement@seninterim.sn","og_url":"https:\/\/seninterim.sn\/?post_type=job_listing&p=21008","og_site_name":"Sen Interim","article_publisher":"https:\/\/www.facebook.com\/Senegalinterimaire","article_modified_time":"2025-10-22T22:02:12+00:00","twitter_card":"summary_large_image","twitter_site":"@sen_interim","twitter_misc":{"Dur\u00e9e de lecture estim\u00e9e":"1 minute"},"schema":{"@context":"https:\/\/schema.org","@graph":[{"@type":"WebPage","@id":"https:\/\/seninterim.sn\/?post_type=job_listing&p=21008","url":"https:\/\/seninterim.sn\/?post_type=job_listing&p=21008","name":"Recrutement Enqu\u00eateur S\u00e9nior - Sen Interim","isPartOf":{"@id":"https:\/\/seninterim.sn\/#website"},"datePublished":"2025-09-22T10:25:47+00:00","dateModified":"2025-10-22T22:02:12+00:00","breadcrumb":{"@id":"https:\/\/seninterim.sn\/?post_type=job_listing&p=21008#breadcrumb"},"inLanguage":"fr-FR","potentialAction":[{"@type":"ReadAction","target":["https:\/\/seninterim.sn\/?post_type=job_listing&p=21008"]}]},{"@type":"BreadcrumbList","@id":"https:\/\/seninterim.sn\/?post_type=job_listing&p=21008#breadcrumb","itemListElement":[{"@type":"ListItem","position":1,"name":"Home","item":"https:\/\/seninterim.sn\/"},{"@type":"ListItem","position":2,"name":"Recrutement Enqu\u00eateur S\u00e9nior"}]},{"@type":"WebSite","@id":"https:\/\/seninterim.sn\/#website","url":"https:\/\/seninterim.sn\/","name":"Sen Interim","description":"Recruter est un plaisir","publisher":{"@id":"https:\/\/seninterim.sn\/#organization"},"potentialAction":[{"@type":"SearchAction","target":{"@type":"EntryPoint","urlTemplate":"https:\/\/seninterim.sn\/?s={search_term_string}"},"query-input":"required name=search_term_string"}],"inLanguage":"fr-FR"},{"@type":"Organization","@id":"https:\/\/seninterim.sn\/#organization","name":"Sen Interim","url":"https:\/\/seninterim.sn\/","logo":{"@type":"ImageObject","inLanguage":"fr-FR","@id":"https:\/\/seninterim.sn\/#\/schema\/logo\/image\/","url":"https:\/\/seninterim.sn\/wp-content\/uploads\/2022\/07\/cropped-cropped-telechargement-removebg-preview.png","contentUrl":"https:\/\/seninterim.sn\/wp-content\/uploads\/2022\/07\/cropped-cropped-telechargement-removebg-preview.png","width":100,"height":100,"caption":"Sen Interim"},"image":{"@id":"https:\/\/seninterim.sn\/#\/schema\/logo\/image\/"},"sameAs":["https:\/\/www.facebook.com\/Senegalinterimaire","https:\/\/twitter.com\/sen_interim"]}]}},"_links":{"self":[{"href":"https:\/\/seninterim.sn\/index.php\/wp-json\/wp\/v2\/job-listings\/21008","targetHints":{"allow":["GET"]}}],"collection":[{"href":"https:\/\/seninterim.sn\/index.php\/wp-json\/wp\/v2\/job-listings"}],"about":[{"href":"https:\/\/seninterim.sn\/index.php\/wp-json\/wp\/v2\/types\/job_listing"}],"author":[{"embeddable":true,"href":"https:\/\/seninterim.sn\/index.php\/wp-json\/wp\/v2\/users\/1"}],"wp:attachment":[{"href":"https:\/\/seninterim.sn\/index.php\/wp-json\/wp\/v2\/media?parent=21008"}],"wp:term":[{"taxonomy":"job_listing_category","embeddable":true,"href":"https:\/\/seninterim.sn\/index.php\/wp-json\/wp\/v2\/job-categories?post=21008"},{"taxonomy":"job_listing_type","embeddable":true,"href":"https:\/\/seninterim.sn\/index.php\/wp-json\/wp\/v2\/job-types?post=21008"}],"curies":[{"name":"wp","href":"https:\/\/api.w.org\/{rel}","templated":true}]}}

Recrutement Enquêteur Sénior

<p><span style="font-family: tahoma, sans-serif">Nous recrutons un enquêteur : </span></p>
<div><span style="font-family: tahoma, sans-serif">1 personne âgée (50-55 ans)</span></div>
<div><span style="font-family: tahoma, sans-serif">l&rsquo;enquêteur fera 10 prestations de 2h, soit 20h/mois selon un planning proposé. </span></div>
<div><span style="font-family: tahoma, sans-serif">Expérience requise dans les enquêtes. </span></div>
<div><span style="font-family: tahoma, sans-serif">Qualités requises :</span></div>
<div>
<ul>
<li><span style="font-family: tahoma, sans-serif">Esprit analytique et observateur</span></li>
<li><span style="color: #000000;font-family: tahoma, sans-serif">Compétences humaines et relationnelles </span></li>
<li><span style="color: #000000;font-family: tahoma, sans-serif">Intégrité à toute épreuve</span></li>
</ul>
</div>
<div><span style="font-family: tahoma, sans-serif">Envoyez votre candidature à : <a href="mailto:recrutement@seninterim.sn" target="_blank" rel="noopener">recrutement@seninterim.sn</a></span></div>

    <div class="xs_social_share_widget xs_share_url after_content 		main_content  wslu-style-1 wslu-share-box-shaped wslu-fill-colored wslu-none wslu-share-horizontal wslu-theme-font-no wslu-main_content">

		
        <ul>
			        </ul>
    </div>

<!-- This site is optimized with the Yoast SEO plugin v22.0 - https://yoast.com/wordpress/plugins/seo/ -->
<title>Recrutement Enquêteur Sénior - Sen Interim</title>
<meta name="robots" content="index, follow, max-snippet:-1, max-image-preview:large, max-video-preview:-1" />
<link rel="canonical" href="https://seninterim.sn/?post_type=job_listing&p=21008" />
<meta property="og:locale" content="fr_FR" />
<meta property="og:type" content="article" />
<meta property="og:title" content="Recrutement Enquêteur Sénior - Sen Interim" />
<meta property="og:description" content="Nous recrutons un enquêteur :  1 personne âgée (50-55 ans) l&rsquo;enquêteur fera 10 prestations de 2h, soit 20h/mois selon un planning proposé.  Expérience requise dans les enquêtes.  Qualités requises : Esprit analytique et observateur Compétences humaines et relationnelles  Intégrité à toute épreuve Envoyez votre candidature à : recrutement@seninterim.sn" />
<meta property="og:url" content="https://seninterim.sn/?post_type=job_listing&amp;p=21008" />
<meta property="og:site_name" content="Sen Interim" />
<meta property="article:publisher" content="https://www.facebook.com/Senegalinterimaire" />
<meta property="article:modified_time" content="2025-10-22T22:02:12+00:00" />
<meta name="twitter:card" content="summary_large_image" />
<meta name="twitter:site" content="@sen_interim" />
<meta name="twitter:label1" content="Durée de lecture estimée" />
	<meta name="twitter:data1" content="1 minute" />
<script type="application/ld+json" class="yoast-schema-graph">{"@context":"https://schema.org","@graph":[{"@type":"WebPage","@id":"https://seninterim.sn/?post_type=job_listing&p=21008","url":"https://seninterim.sn/?post_type=job_listing&p=21008","name":"Recrutement Enquêteur Sénior - Sen Interim","isPartOf":{"@id":"https://seninterim.sn/#website"},"datePublished":"2025-09-22T10:25:47+00:00","dateModified":"2025-10-22T22:02:12+00:00","breadcrumb":{"@id":"https://seninterim.sn/?post_type=job_listing&p=21008#breadcrumb"},"inLanguage":"fr-FR","potentialAction":[{"@type":"ReadAction","target":["https://seninterim.sn/?post_type=job_listing&p=21008"]}]},{"@type":"BreadcrumbList","@id":"https://seninterim.sn/?post_type=job_listing&p=21008#breadcrumb","itemListElement":[{"@type":"ListItem","position":1,"name":"Home","item":"https://seninterim.sn/"},{"@type":"ListItem","position":2,"name":"Recrutement Enquêteur Sénior"}]},{"@type":"WebSite","@id":"https://seninterim.sn/#website","url":"https://seninterim.sn/","name":"Sen Interim","description":"Recruter est un plaisir","publisher":{"@id":"https://seninterim.sn/#organization"},"potentialAction":[{"@type":"SearchAction","target":{"@type":"EntryPoint","urlTemplate":"https://seninterim.sn/?s={search_term_string}"},"query-input":"required name=search_term_string"}],"inLanguage":"fr-FR"},{"@type":"Organization","@id":"https://seninterim.sn/#organization","name":"Sen Interim","url":"https://seninterim.sn/","logo":{"@type":"ImageObject","inLanguage":"fr-FR","@id":"https://seninterim.sn/#/schema/logo/image/","url":"https://seninterim.sn/wp-content/uploads/2022/07/cropped-cropped-telechargement-removebg-preview.png","contentUrl":"https://seninterim.sn/wp-content/uploads/2022/07/cropped-cropped-telechargement-removebg-preview.png","width":100,"height":100,"caption":"Sen Interim"},"image":{"@id":"https://seninterim.sn/#/schema/logo/image/"},"sameAs":["https://www.facebook.com/Senegalinterimaire","https://twitter.com/sen_interim"]}]}</script>
<!-- / Yoast SEO plugin. -->

Recrutement Enquêteur Sénior - Sen Interim

Nous recrutons un enquêteur :  1 personne âgée (50-55 ans) l&rsquo;enquêteur fera 10 prestations de 2h, soit 20h/mois selon un planning proposé.  Expérience requise dans les enquêtes.  Qualités requises : Esprit analytique et observateur Compétences humaines et relationnelles  Intégrité à toute épreuve Envoyez votre candidature à : recrutement@seninterim.sn
