{"id":19831,"date":"2025-08-14T21:03:27","date_gmt":"2025-08-14T19:03:27","guid":{"rendered":"https:\/\/seninterim.sn\/?post_type=job_listing&#038;p=19831"},"modified":"2025-09-15T00:01:49","modified_gmt":"2025-09-14T22:01:49","slug":"recrutement-teleprompter","status":"expired","type":"job_listing","link":"https:\/\/seninterim.sn\/?post_type=job_listing&p=19831","title":{"rendered":"Recrutement T\u00e9l\u00e9prompter"},"content":{"rendered":"<p><span style=\"font-family: tahoma, sans-serif\">Nous recherchons un t\u00e9l\u00e9prompter :<\/span><\/p>\n<ul type=\"disc\">\n<li><span style=\"font-family: tahoma, sans-serif\">Exp\u00e9rience : minimum 5 ans en fonction de T\u00e9l\u00e9PrompTer ou prise de parole en public assist\u00e9e par prompteur<\/span><\/li>\n<li><span style=\"font-family: tahoma, sans-serif\">Profil recherch\u00e9 :<\/span>\n<ul type=\"circle\">\n<li><span style=\"font-family: tahoma, sans-serif\">Exp\u00e9rience av\u00e9r\u00e9e en utilisation de t\u00e9l\u00e9prompteur et coordination avec l&rsquo;\u00e9quipe de production<\/span><\/li>\n<li><span style=\"font-family: tahoma, sans-serif\">Excellentes comp\u00e9tences en diction, fluidit\u00e9 et clart\u00e9 de pr\u00e9sentation<\/span><\/li>\n<\/ul>\n<\/li>\n<\/ul>\n<div><span style=\"font-family: tahoma, sans-serif\">Faites-nous parvenir votre CV \u00e0 l\u2019adresse : <a href=\"mailto:recrutement@seninterim.sn\" target=\"_blank\" rel=\"noopener\">recrutement@seninterim.sn<\/a> avec la mention du poste sollicit\u00e9.<\/span><\/div>\n\n    <div class=\"xs_social_share_widget xs_share_url after_content \t\tmain_content  wslu-style-1 wslu-share-box-shaped wslu-fill-colored wslu-none wslu-share-horizontal wslu-theme-font-no wslu-main_content\">\n\n\t\t\n        <ul>\n\t\t\t        <\/ul>\n    <\/div> \n","protected":false},"author":1,"featured_media":0,"template":"","meta":{"_promoted":"","_job_location":"","_company_name":"","_company_website":"","_company_video":"","_company_tagline":"","_company_twitter":"","_application":"recrutement@seninterim.sn","_filled":0,"_featured":1,"_remote_position":0,"_job_salary":"","_job_salary_currency":"","_job_salary_unit":""},"job-categories":[],"job-types":[],"class_list":{"0":"post-19831","1":"job_listing","2":"type-job_listing","3":"status-expired","4":"hentry","5":"job-urgent","7":"job_position_featured"},"yoast_head":"<!-- This site is optimized with the Yoast SEO plugin v22.0 - https:\/\/yoast.com\/wordpress\/plugins\/seo\/ -->\n<title>Recrutement T\u00e9l\u00e9prompter - Sen Interim<\/title>\n<meta name=\"robots\" content=\"index, follow, max-snippet:-1, max-image-preview:large, max-video-preview:-1\" \/>\n<link rel=\"canonical\" href=\"https:\/\/seninterim.sn\/?post_type=job_listing&p=19831\" \/>\n<meta property=\"og:locale\" content=\"fr_FR\" \/>\n<meta property=\"og:type\" content=\"article\" \/>\n<meta property=\"og:title\" content=\"Recrutement T\u00e9l\u00e9prompter - Sen Interim\" \/>\n<meta property=\"og:description\" content=\"Nous recherchons un t\u00e9l\u00e9prompter : Exp\u00e9rience : minimum 5 ans en fonction de T\u00e9l\u00e9PrompTer ou prise de parole en public assist\u00e9e par prompteur Profil recherch\u00e9 : Exp\u00e9rience av\u00e9r\u00e9e en utilisation de t\u00e9l\u00e9prompteur et coordination avec l&rsquo;\u00e9quipe de production Excellentes comp\u00e9tences en diction, fluidit\u00e9 et clart\u00e9 de pr\u00e9sentation Faites-nous parvenir votre CV \u00e0 l\u2019adresse : recrutement@seninterim.sn [&hellip;]\" \/>\n<meta property=\"og:url\" content=\"https:\/\/seninterim.sn\/?post_type=job_listing&amp;p=19831\" \/>\n<meta property=\"og:site_name\" content=\"Sen Interim\" \/>\n<meta property=\"article:publisher\" content=\"https:\/\/www.facebook.com\/Senegalinterimaire\" \/>\n<meta property=\"article:modified_time\" content=\"2025-09-14T22:01:49+00:00\" \/>\n<meta name=\"twitter:card\" content=\"summary_large_image\" \/>\n<meta name=\"twitter:site\" content=\"@sen_interim\" \/>\n<meta name=\"twitter:label1\" content=\"Dur\u00e9e de lecture estim\u00e9e\" \/>\n\t<meta name=\"twitter:data1\" content=\"1 minute\" \/>\n<script type=\"application\/ld+json\" class=\"yoast-schema-graph\">{\"@context\":\"https:\/\/schema.org\",\"@graph\":[{\"@type\":\"WebPage\",\"@id\":\"https:\/\/seninterim.sn\/?post_type=job_listing&p=19831\",\"url\":\"https:\/\/seninterim.sn\/?post_type=job_listing&p=19831\",\"name\":\"Recrutement T\u00e9l\u00e9prompter - Sen Interim\",\"isPartOf\":{\"@id\":\"https:\/\/seninterim.sn\/#website\"},\"datePublished\":\"2025-08-14T19:03:27+00:00\",\"dateModified\":\"2025-09-14T22:01:49+00:00\",\"breadcrumb\":{\"@id\":\"https:\/\/seninterim.sn\/?post_type=job_listing&p=19831#breadcrumb\"},\"inLanguage\":\"fr-FR\",\"potentialAction\":[{\"@type\":\"ReadAction\",\"target\":[\"https:\/\/seninterim.sn\/?post_type=job_listing&p=19831\"]}]},{\"@type\":\"BreadcrumbList\",\"@id\":\"https:\/\/seninterim.sn\/?post_type=job_listing&p=19831#breadcrumb\",\"itemListElement\":[{\"@type\":\"ListItem\",\"position\":1,\"name\":\"Home\",\"item\":\"https:\/\/seninterim.sn\/\"},{\"@type\":\"ListItem\",\"position\":2,\"name\":\"Recrutement T\u00e9l\u00e9prompter\"}]},{\"@type\":\"WebSite\",\"@id\":\"https:\/\/seninterim.sn\/#website\",\"url\":\"https:\/\/seninterim.sn\/\",\"name\":\"Sen Interim\",\"description\":\"Recruter est un plaisir\",\"publisher\":{\"@id\":\"https:\/\/seninterim.sn\/#organization\"},\"potentialAction\":[{\"@type\":\"SearchAction\",\"target\":{\"@type\":\"EntryPoint\",\"urlTemplate\":\"https:\/\/seninterim.sn\/?s={search_term_string}\"},\"query-input\":\"required name=search_term_string\"}],\"inLanguage\":\"fr-FR\"},{\"@type\":\"Organization\",\"@id\":\"https:\/\/seninterim.sn\/#organization\",\"name\":\"Sen Interim\",\"url\":\"https:\/\/seninterim.sn\/\",\"logo\":{\"@type\":\"ImageObject\",\"inLanguage\":\"fr-FR\",\"@id\":\"https:\/\/seninterim.sn\/#\/schema\/logo\/image\/\",\"url\":\"https:\/\/seninterim.sn\/wp-content\/uploads\/2022\/07\/cropped-cropped-telechargement-removebg-preview.png\",\"contentUrl\":\"https:\/\/seninterim.sn\/wp-content\/uploads\/2022\/07\/cropped-cropped-telechargement-removebg-preview.png\",\"width\":100,\"height\":100,\"caption\":\"Sen Interim\"},\"image\":{\"@id\":\"https:\/\/seninterim.sn\/#\/schema\/logo\/image\/\"},\"sameAs\":[\"https:\/\/www.facebook.com\/Senegalinterimaire\",\"https:\/\/twitter.com\/sen_interim\"]}]}<\/script>\n<!-- \/ Yoast SEO plugin. -->","yoast_head_json":{"title":"Recrutement T\u00e9l\u00e9prompter - Sen Interim","robots":{"index":"index","follow":"follow","max-snippet":"max-snippet:-1","max-image-preview":"max-image-preview:large","max-video-preview":"max-video-preview:-1"},"canonical":"https:\/\/seninterim.sn\/?post_type=job_listing&p=19831","og_locale":"fr_FR","og_type":"article","og_title":"Recrutement T\u00e9l\u00e9prompter - Sen Interim","og_description":"Nous recherchons un t\u00e9l\u00e9prompter : Exp\u00e9rience : minimum 5 ans en fonction de T\u00e9l\u00e9PrompTer ou prise de parole en public assist\u00e9e par prompteur Profil recherch\u00e9 : Exp\u00e9rience av\u00e9r\u00e9e en utilisation de t\u00e9l\u00e9prompteur et coordination avec l&rsquo;\u00e9quipe de production Excellentes comp\u00e9tences en diction, fluidit\u00e9 et clart\u00e9 de pr\u00e9sentation Faites-nous parvenir votre CV \u00e0 l\u2019adresse : recrutement@seninterim.sn [&hellip;]","og_url":"https:\/\/seninterim.sn\/?post_type=job_listing&p=19831","og_site_name":"Sen Interim","article_publisher":"https:\/\/www.facebook.com\/Senegalinterimaire","article_modified_time":"2025-09-14T22:01:49+00:00","twitter_card":"summary_large_image","twitter_site":"@sen_interim","twitter_misc":{"Dur\u00e9e de lecture estim\u00e9e":"1 minute"},"schema":{"@context":"https:\/\/schema.org","@graph":[{"@type":"WebPage","@id":"https:\/\/seninterim.sn\/?post_type=job_listing&p=19831","url":"https:\/\/seninterim.sn\/?post_type=job_listing&p=19831","name":"Recrutement T\u00e9l\u00e9prompter - Sen Interim","isPartOf":{"@id":"https:\/\/seninterim.sn\/#website"},"datePublished":"2025-08-14T19:03:27+00:00","dateModified":"2025-09-14T22:01:49+00:00","breadcrumb":{"@id":"https:\/\/seninterim.sn\/?post_type=job_listing&p=19831#breadcrumb"},"inLanguage":"fr-FR","potentialAction":[{"@type":"ReadAction","target":["https:\/\/seninterim.sn\/?post_type=job_listing&p=19831"]}]},{"@type":"BreadcrumbList","@id":"https:\/\/seninterim.sn\/?post_type=job_listing&p=19831#breadcrumb","itemListElement":[{"@type":"ListItem","position":1,"name":"Home","item":"https:\/\/seninterim.sn\/"},{"@type":"ListItem","position":2,"name":"Recrutement T\u00e9l\u00e9prompter"}]},{"@type":"WebSite","@id":"https:\/\/seninterim.sn\/#website","url":"https:\/\/seninterim.sn\/","name":"Sen Interim","description":"Recruter est un plaisir","publisher":{"@id":"https:\/\/seninterim.sn\/#organization"},"potentialAction":[{"@type":"SearchAction","target":{"@type":"EntryPoint","urlTemplate":"https:\/\/seninterim.sn\/?s={search_term_string}"},"query-input":"required name=search_term_string"}],"inLanguage":"fr-FR"},{"@type":"Organization","@id":"https:\/\/seninterim.sn\/#organization","name":"Sen Interim","url":"https:\/\/seninterim.sn\/","logo":{"@type":"ImageObject","inLanguage":"fr-FR","@id":"https:\/\/seninterim.sn\/#\/schema\/logo\/image\/","url":"https:\/\/seninterim.sn\/wp-content\/uploads\/2022\/07\/cropped-cropped-telechargement-removebg-preview.png","contentUrl":"https:\/\/seninterim.sn\/wp-content\/uploads\/2022\/07\/cropped-cropped-telechargement-removebg-preview.png","width":100,"height":100,"caption":"Sen Interim"},"image":{"@id":"https:\/\/seninterim.sn\/#\/schema\/logo\/image\/"},"sameAs":["https:\/\/www.facebook.com\/Senegalinterimaire","https:\/\/twitter.com\/sen_interim"]}]}},"_links":{"self":[{"href":"https:\/\/seninterim.sn\/index.php\/wp-json\/wp\/v2\/job-listings\/19831","targetHints":{"allow":["GET"]}}],"collection":[{"href":"https:\/\/seninterim.sn\/index.php\/wp-json\/wp\/v2\/job-listings"}],"about":[{"href":"https:\/\/seninterim.sn\/index.php\/wp-json\/wp\/v2\/types\/job_listing"}],"author":[{"embeddable":true,"href":"https:\/\/seninterim.sn\/index.php\/wp-json\/wp\/v2\/users\/1"}],"wp:attachment":[{"href":"https:\/\/seninterim.sn\/index.php\/wp-json\/wp\/v2\/media?parent=19831"}],"wp:term":[{"taxonomy":"job_listing_category","embeddable":true,"href":"https:\/\/seninterim.sn\/index.php\/wp-json\/wp\/v2\/job-categories?post=19831"},{"taxonomy":"job_listing_type","embeddable":true,"href":"https:\/\/seninterim.sn\/index.php\/wp-json\/wp\/v2\/job-types?post=19831"}],"curies":[{"name":"wp","href":"https:\/\/api.w.org\/{rel}","templated":true}]}}

Recrutement Téléprompter

<p><span style="font-family: tahoma, sans-serif">Nous recherchons un téléprompter :</span></p>
<ul type="disc">
<li><span style="font-family: tahoma, sans-serif">Expérience : minimum 5 ans en fonction de TéléPrompTer ou prise de parole en public assistée par prompteur</span></li>
<li><span style="font-family: tahoma, sans-serif">Profil recherché :</span>
<ul type="circle">
<li><span style="font-family: tahoma, sans-serif">Expérience avérée en utilisation de téléprompteur et coordination avec l&rsquo;équipe de production</span></li>
<li><span style="font-family: tahoma, sans-serif">Excellentes compétences en diction, fluidité et clarté de présentation</span></li>
</ul>
</li>
</ul>
<div><span style="font-family: tahoma, sans-serif">Faites-nous parvenir votre CV à l’adresse : <a href="mailto:recrutement@seninterim.sn" target="_blank" rel="noopener">recrutement@seninterim.sn</a> avec la mention du poste sollicité.</span></div>

    <div class="xs_social_share_widget xs_share_url after_content 		main_content  wslu-style-1 wslu-share-box-shaped wslu-fill-colored wslu-none wslu-share-horizontal wslu-theme-font-no wslu-main_content">

		
        <ul>
			        </ul>
    </div>

<!-- This site is optimized with the Yoast SEO plugin v22.0 - https://yoast.com/wordpress/plugins/seo/ -->
<title>Recrutement Téléprompter - Sen Interim</title>
<meta name="robots" content="index, follow, max-snippet:-1, max-image-preview:large, max-video-preview:-1" />
<link rel="canonical" href="https://seninterim.sn/?post_type=job_listing&p=19831" />
<meta property="og:locale" content="fr_FR" />
<meta property="og:type" content="article" />
<meta property="og:title" content="Recrutement Téléprompter - Sen Interim" />
<meta property="og:description" content="Nous recherchons un téléprompter : Expérience : minimum 5 ans en fonction de TéléPrompTer ou prise de parole en public assistée par prompteur Profil recherché : Expérience avérée en utilisation de téléprompteur et coordination avec l&rsquo;équipe de production Excellentes compétences en diction, fluidité et clarté de présentation Faites-nous parvenir votre CV à l’adresse : recrutement@seninterim.sn [&hellip;]" />
<meta property="og:url" content="https://seninterim.sn/?post_type=job_listing&amp;p=19831" />
<meta property="og:site_name" content="Sen Interim" />
<meta property="article:publisher" content="https://www.facebook.com/Senegalinterimaire" />
<meta property="article:modified_time" content="2025-09-14T22:01:49+00:00" />
<meta name="twitter:card" content="summary_large_image" />
<meta name="twitter:site" content="@sen_interim" />
<meta name="twitter:label1" content="Durée de lecture estimée" />
	<meta name="twitter:data1" content="1 minute" />
<script type="application/ld+json" class="yoast-schema-graph">{"@context":"https://schema.org","@graph":[{"@type":"WebPage","@id":"https://seninterim.sn/?post_type=job_listing&p=19831","url":"https://seninterim.sn/?post_type=job_listing&p=19831","name":"Recrutement Téléprompter - Sen Interim","isPartOf":{"@id":"https://seninterim.sn/#website"},"datePublished":"2025-08-14T19:03:27+00:00","dateModified":"2025-09-14T22:01:49+00:00","breadcrumb":{"@id":"https://seninterim.sn/?post_type=job_listing&p=19831#breadcrumb"},"inLanguage":"fr-FR","potentialAction":[{"@type":"ReadAction","target":["https://seninterim.sn/?post_type=job_listing&p=19831"]}]},{"@type":"BreadcrumbList","@id":"https://seninterim.sn/?post_type=job_listing&p=19831#breadcrumb","itemListElement":[{"@type":"ListItem","position":1,"name":"Home","item":"https://seninterim.sn/"},{"@type":"ListItem","position":2,"name":"Recrutement Téléprompter"}]},{"@type":"WebSite","@id":"https://seninterim.sn/#website","url":"https://seninterim.sn/","name":"Sen Interim","description":"Recruter est un plaisir","publisher":{"@id":"https://seninterim.sn/#organization"},"potentialAction":[{"@type":"SearchAction","target":{"@type":"EntryPoint","urlTemplate":"https://seninterim.sn/?s={search_term_string}"},"query-input":"required name=search_term_string"}],"inLanguage":"fr-FR"},{"@type":"Organization","@id":"https://seninterim.sn/#organization","name":"Sen Interim","url":"https://seninterim.sn/","logo":{"@type":"ImageObject","inLanguage":"fr-FR","@id":"https://seninterim.sn/#/schema/logo/image/","url":"https://seninterim.sn/wp-content/uploads/2022/07/cropped-cropped-telechargement-removebg-preview.png","contentUrl":"https://seninterim.sn/wp-content/uploads/2022/07/cropped-cropped-telechargement-removebg-preview.png","width":100,"height":100,"caption":"Sen Interim"},"image":{"@id":"https://seninterim.sn/#/schema/logo/image/"},"sameAs":["https://www.facebook.com/Senegalinterimaire","https://twitter.com/sen_interim"]}]}</script>
<!-- / Yoast SEO plugin. -->

Recrutement Téléprompter - Sen Interim

Nous recherchons un téléprompter : Expérience : minimum 5 ans en fonction de TéléPrompTer ou prise de parole en public assistée par prompteur Profil recherché : Expérience avérée en utilisation de téléprompteur et coordination avec l&rsquo;équipe de production Excellentes compétences en diction, fluidité et clarté de présentation Faites-nous parvenir votre CV à l’adresse : recrutement@seninterim.sn [&hellip;]
