{"id":19423,"date":"2025-07-23T16:36:34","date_gmt":"2025-07-23T14:36:34","guid":{"rendered":"https:\/\/seninterim.sn\/?post_type=job_listing&#038;p=19423"},"modified":"2025-08-23T00:02:24","modified_gmt":"2025-08-22T22:02:24","slug":"recrutement-chauffeurs","status":"expired","type":"job_listing","link":"https:\/\/seninterim.sn\/?post_type=job_listing&p=19423","title":{"rendered":"Recrutement Chauffeurs"},"content":{"rendered":"<p><span style=\"font-family: tahoma, sans-serif\">Nous recrutons deux chauffeurs professionnels.<\/span><\/p>\n<div>\n<p><span style=\"font-family: tahoma, sans-serif\">\u2022 Bonne expression et compr\u00e9hension de la langue fran\u00e7aise<\/span><\/p>\n<p><span style=\"font-family: tahoma, sans-serif\">\u2022 Exp\u00e9rience av\u00e9r\u00e9e en tant que chauffeur dans un environnement professionnel<\/span><\/p>\n<p><span style=\"font-family: tahoma, sans-serif\">\u2022 Habitu\u00e9 aux d\u00e9placements r\u00e9gionaux<\/span><\/p>\n<p><span style=\"font-family: tahoma, sans-serif\">\u2022\u00a0Plus de 8 ans d\u2019exp\u00e9rience dans le m\u00e9tier<\/span><\/p>\n<\/div>\n<p>Envoyez votre candidature par e-mail au : <a href=\"mailto:recrutement@seninterim.sn\">recrutement@seninterim.sn<\/a><\/p>\n\n    <div class=\"xs_social_share_widget xs_share_url after_content \t\tmain_content  wslu-style-1 wslu-share-box-shaped wslu-fill-colored wslu-none wslu-share-horizontal wslu-theme-font-no wslu-main_content\">\n\n\t\t\n        <ul>\n\t\t\t        <\/ul>\n    <\/div> \n","protected":false},"author":1,"featured_media":0,"template":"","meta":{"_promoted":"","_job_location":"","_company_name":"","_company_website":"","_company_video":"","_company_tagline":"","_company_twitter":"","_application":"recrutement@seninterim.sn","_filled":0,"_featured":1,"_remote_position":0,"_job_salary":"","_job_salary_currency":"","_job_salary_unit":""},"job-categories":[],"job-types":[],"class_list":{"0":"post-19423","1":"job_listing","2":"type-job_listing","3":"status-expired","4":"hentry","5":"job-urgent","7":"job_position_featured"},"yoast_head":"<!-- This site is optimized with the Yoast SEO plugin v22.0 - https:\/\/yoast.com\/wordpress\/plugins\/seo\/ -->\n<title>Recrutement Chauffeurs - Sen Interim<\/title>\n<meta name=\"robots\" content=\"index, follow, max-snippet:-1, max-image-preview:large, max-video-preview:-1\" \/>\n<link rel=\"canonical\" href=\"https:\/\/seninterim.sn\/?post_type=job_listing&p=19423\" \/>\n<meta property=\"og:locale\" content=\"fr_FR\" \/>\n<meta property=\"og:type\" content=\"article\" \/>\n<meta property=\"og:title\" content=\"Recrutement Chauffeurs - Sen Interim\" \/>\n<meta property=\"og:description\" content=\"Nous recrutons deux chauffeurs professionnels. \u2022 Bonne expression et compr\u00e9hension de la langue fran\u00e7aise \u2022 Exp\u00e9rience av\u00e9r\u00e9e en tant que chauffeur dans un environnement professionnel \u2022 Habitu\u00e9 aux d\u00e9placements r\u00e9gionaux \u2022\u00a0Plus de 8 ans d\u2019exp\u00e9rience dans le m\u00e9tier Envoyez votre candidature par e-mail au : recrutement@seninterim.sn\" \/>\n<meta property=\"og:url\" content=\"https:\/\/seninterim.sn\/?post_type=job_listing&amp;p=19423\" \/>\n<meta property=\"og:site_name\" content=\"Sen Interim\" \/>\n<meta property=\"article:publisher\" content=\"https:\/\/www.facebook.com\/Senegalinterimaire\" \/>\n<meta property=\"article:modified_time\" content=\"2025-08-22T22:02:24+00:00\" \/>\n<meta name=\"twitter:card\" content=\"summary_large_image\" \/>\n<meta name=\"twitter:site\" content=\"@sen_interim\" \/>\n<meta name=\"twitter:label1\" content=\"Dur\u00e9e de lecture estim\u00e9e\" \/>\n\t<meta name=\"twitter:data1\" content=\"1 minute\" \/>\n<script type=\"application\/ld+json\" class=\"yoast-schema-graph\">{\"@context\":\"https:\/\/schema.org\",\"@graph\":[{\"@type\":\"WebPage\",\"@id\":\"https:\/\/seninterim.sn\/?post_type=job_listing&p=19423\",\"url\":\"https:\/\/seninterim.sn\/?post_type=job_listing&p=19423\",\"name\":\"Recrutement Chauffeurs - Sen Interim\",\"isPartOf\":{\"@id\":\"https:\/\/seninterim.sn\/#website\"},\"datePublished\":\"2025-07-23T14:36:34+00:00\",\"dateModified\":\"2025-08-22T22:02:24+00:00\",\"breadcrumb\":{\"@id\":\"https:\/\/seninterim.sn\/?post_type=job_listing&p=19423#breadcrumb\"},\"inLanguage\":\"fr-FR\",\"potentialAction\":[{\"@type\":\"ReadAction\",\"target\":[\"https:\/\/seninterim.sn\/?post_type=job_listing&p=19423\"]}]},{\"@type\":\"BreadcrumbList\",\"@id\":\"https:\/\/seninterim.sn\/?post_type=job_listing&p=19423#breadcrumb\",\"itemListElement\":[{\"@type\":\"ListItem\",\"position\":1,\"name\":\"Home\",\"item\":\"https:\/\/seninterim.sn\/\"},{\"@type\":\"ListItem\",\"position\":2,\"name\":\"Recrutement Chauffeurs\"}]},{\"@type\":\"WebSite\",\"@id\":\"https:\/\/seninterim.sn\/#website\",\"url\":\"https:\/\/seninterim.sn\/\",\"name\":\"Sen Interim\",\"description\":\"Recruter est un plaisir\",\"publisher\":{\"@id\":\"https:\/\/seninterim.sn\/#organization\"},\"potentialAction\":[{\"@type\":\"SearchAction\",\"target\":{\"@type\":\"EntryPoint\",\"urlTemplate\":\"https:\/\/seninterim.sn\/?s={search_term_string}\"},\"query-input\":\"required name=search_term_string\"}],\"inLanguage\":\"fr-FR\"},{\"@type\":\"Organization\",\"@id\":\"https:\/\/seninterim.sn\/#organization\",\"name\":\"Sen Interim\",\"url\":\"https:\/\/seninterim.sn\/\",\"logo\":{\"@type\":\"ImageObject\",\"inLanguage\":\"fr-FR\",\"@id\":\"https:\/\/seninterim.sn\/#\/schema\/logo\/image\/\",\"url\":\"https:\/\/seninterim.sn\/wp-content\/uploads\/2022\/07\/cropped-cropped-telechargement-removebg-preview.png\",\"contentUrl\":\"https:\/\/seninterim.sn\/wp-content\/uploads\/2022\/07\/cropped-cropped-telechargement-removebg-preview.png\",\"width\":100,\"height\":100,\"caption\":\"Sen Interim\"},\"image\":{\"@id\":\"https:\/\/seninterim.sn\/#\/schema\/logo\/image\/\"},\"sameAs\":[\"https:\/\/www.facebook.com\/Senegalinterimaire\",\"https:\/\/twitter.com\/sen_interim\"]}]}<\/script>\n<!-- \/ Yoast SEO plugin. -->","yoast_head_json":{"title":"Recrutement Chauffeurs - Sen Interim","robots":{"index":"index","follow":"follow","max-snippet":"max-snippet:-1","max-image-preview":"max-image-preview:large","max-video-preview":"max-video-preview:-1"},"canonical":"https:\/\/seninterim.sn\/?post_type=job_listing&p=19423","og_locale":"fr_FR","og_type":"article","og_title":"Recrutement Chauffeurs - Sen Interim","og_description":"Nous recrutons deux chauffeurs professionnels. \u2022 Bonne expression et compr\u00e9hension de la langue fran\u00e7aise \u2022 Exp\u00e9rience av\u00e9r\u00e9e en tant que chauffeur dans un environnement professionnel \u2022 Habitu\u00e9 aux d\u00e9placements r\u00e9gionaux \u2022\u00a0Plus de 8 ans d\u2019exp\u00e9rience dans le m\u00e9tier Envoyez votre candidature par e-mail au : recrutement@seninterim.sn","og_url":"https:\/\/seninterim.sn\/?post_type=job_listing&p=19423","og_site_name":"Sen Interim","article_publisher":"https:\/\/www.facebook.com\/Senegalinterimaire","article_modified_time":"2025-08-22T22:02:24+00:00","twitter_card":"summary_large_image","twitter_site":"@sen_interim","twitter_misc":{"Dur\u00e9e de lecture estim\u00e9e":"1 minute"},"schema":{"@context":"https:\/\/schema.org","@graph":[{"@type":"WebPage","@id":"https:\/\/seninterim.sn\/?post_type=job_listing&p=19423","url":"https:\/\/seninterim.sn\/?post_type=job_listing&p=19423","name":"Recrutement Chauffeurs - Sen Interim","isPartOf":{"@id":"https:\/\/seninterim.sn\/#website"},"datePublished":"2025-07-23T14:36:34+00:00","dateModified":"2025-08-22T22:02:24+00:00","breadcrumb":{"@id":"https:\/\/seninterim.sn\/?post_type=job_listing&p=19423#breadcrumb"},"inLanguage":"fr-FR","potentialAction":[{"@type":"ReadAction","target":["https:\/\/seninterim.sn\/?post_type=job_listing&p=19423"]}]},{"@type":"BreadcrumbList","@id":"https:\/\/seninterim.sn\/?post_type=job_listing&p=19423#breadcrumb","itemListElement":[{"@type":"ListItem","position":1,"name":"Home","item":"https:\/\/seninterim.sn\/"},{"@type":"ListItem","position":2,"name":"Recrutement Chauffeurs"}]},{"@type":"WebSite","@id":"https:\/\/seninterim.sn\/#website","url":"https:\/\/seninterim.sn\/","name":"Sen Interim","description":"Recruter est un plaisir","publisher":{"@id":"https:\/\/seninterim.sn\/#organization"},"potentialAction":[{"@type":"SearchAction","target":{"@type":"EntryPoint","urlTemplate":"https:\/\/seninterim.sn\/?s={search_term_string}"},"query-input":"required name=search_term_string"}],"inLanguage":"fr-FR"},{"@type":"Organization","@id":"https:\/\/seninterim.sn\/#organization","name":"Sen Interim","url":"https:\/\/seninterim.sn\/","logo":{"@type":"ImageObject","inLanguage":"fr-FR","@id":"https:\/\/seninterim.sn\/#\/schema\/logo\/image\/","url":"https:\/\/seninterim.sn\/wp-content\/uploads\/2022\/07\/cropped-cropped-telechargement-removebg-preview.png","contentUrl":"https:\/\/seninterim.sn\/wp-content\/uploads\/2022\/07\/cropped-cropped-telechargement-removebg-preview.png","width":100,"height":100,"caption":"Sen Interim"},"image":{"@id":"https:\/\/seninterim.sn\/#\/schema\/logo\/image\/"},"sameAs":["https:\/\/www.facebook.com\/Senegalinterimaire","https:\/\/twitter.com\/sen_interim"]}]}},"_links":{"self":[{"href":"https:\/\/seninterim.sn\/index.php\/wp-json\/wp\/v2\/job-listings\/19423","targetHints":{"allow":["GET"]}}],"collection":[{"href":"https:\/\/seninterim.sn\/index.php\/wp-json\/wp\/v2\/job-listings"}],"about":[{"href":"https:\/\/seninterim.sn\/index.php\/wp-json\/wp\/v2\/types\/job_listing"}],"author":[{"embeddable":true,"href":"https:\/\/seninterim.sn\/index.php\/wp-json\/wp\/v2\/users\/1"}],"wp:attachment":[{"href":"https:\/\/seninterim.sn\/index.php\/wp-json\/wp\/v2\/media?parent=19423"}],"wp:term":[{"taxonomy":"job_listing_category","embeddable":true,"href":"https:\/\/seninterim.sn\/index.php\/wp-json\/wp\/v2\/job-categories?post=19423"},{"taxonomy":"job_listing_type","embeddable":true,"href":"https:\/\/seninterim.sn\/index.php\/wp-json\/wp\/v2\/job-types?post=19423"}],"curies":[{"name":"wp","href":"https:\/\/api.w.org\/{rel}","templated":true}]}}

<p><span style="font-family: tahoma, sans-serif">Nous recrutons deux chauffeurs professionnels.</span></p>
<div>
<p><span style="font-family: tahoma, sans-serif">• Bonne expression et compréhension de la langue française</span></p>
<p><span style="font-family: tahoma, sans-serif">• Expérience avérée en tant que chauffeur dans un environnement professionnel</span></p>
<p><span style="font-family: tahoma, sans-serif">• Habitué aux déplacements régionaux</span></p>
<p><span style="font-family: tahoma, sans-serif">• Plus de 8 ans d’expérience dans le métier</span></p>
</div>
<p>Envoyez votre candidature par e-mail au : <a href="mailto:recrutement@seninterim.sn">recrutement@seninterim.sn</a></p>

    <div class="xs_social_share_widget xs_share_url after_content 		main_content  wslu-style-1 wslu-share-box-shaped wslu-fill-colored wslu-none wslu-share-horizontal wslu-theme-font-no wslu-main_content">

		
        <ul>
			        </ul>
    </div>

<!-- This site is optimized with the Yoast SEO plugin v22.0 - https://yoast.com/wordpress/plugins/seo/ -->
<title>Recrutement Chauffeurs - Sen Interim</title>
<meta name="robots" content="index, follow, max-snippet:-1, max-image-preview:large, max-video-preview:-1" />
<link rel="canonical" href="https://seninterim.sn/?post_type=job_listing&p=19423" />
<meta property="og:locale" content="fr_FR" />
<meta property="og:type" content="article" />
<meta property="og:title" content="Recrutement Chauffeurs - Sen Interim" />
<meta property="og:description" content="Nous recrutons deux chauffeurs professionnels. • Bonne expression et compréhension de la langue française • Expérience avérée en tant que chauffeur dans un environnement professionnel • Habitué aux déplacements régionaux • Plus de 8 ans d’expérience dans le métier Envoyez votre candidature par e-mail au : recrutement@seninterim.sn" />
<meta property="og:url" content="https://seninterim.sn/?post_type=job_listing&amp;p=19423" />
<meta property="og:site_name" content="Sen Interim" />
<meta property="article:publisher" content="https://www.facebook.com/Senegalinterimaire" />
<meta property="article:modified_time" content="2025-08-22T22:02:24+00:00" />
<meta name="twitter:card" content="summary_large_image" />
<meta name="twitter:site" content="@sen_interim" />
<meta name="twitter:label1" content="Durée de lecture estimée" />
	<meta name="twitter:data1" content="1 minute" />
<script type="application/ld+json" class="yoast-schema-graph">{"@context":"https://schema.org","@graph":[{"@type":"WebPage","@id":"https://seninterim.sn/?post_type=job_listing&p=19423","url":"https://seninterim.sn/?post_type=job_listing&p=19423","name":"Recrutement Chauffeurs - Sen Interim","isPartOf":{"@id":"https://seninterim.sn/#website"},"datePublished":"2025-07-23T14:36:34+00:00","dateModified":"2025-08-22T22:02:24+00:00","breadcrumb":{"@id":"https://seninterim.sn/?post_type=job_listing&p=19423#breadcrumb"},"inLanguage":"fr-FR","potentialAction":[{"@type":"ReadAction","target":["https://seninterim.sn/?post_type=job_listing&p=19423"]}]},{"@type":"BreadcrumbList","@id":"https://seninterim.sn/?post_type=job_listing&p=19423#breadcrumb","itemListElement":[{"@type":"ListItem","position":1,"name":"Home","item":"https://seninterim.sn/"},{"@type":"ListItem","position":2,"name":"Recrutement Chauffeurs"}]},{"@type":"WebSite","@id":"https://seninterim.sn/#website","url":"https://seninterim.sn/","name":"Sen Interim","description":"Recruter est un plaisir","publisher":{"@id":"https://seninterim.sn/#organization"},"potentialAction":[{"@type":"SearchAction","target":{"@type":"EntryPoint","urlTemplate":"https://seninterim.sn/?s={search_term_string}"},"query-input":"required name=search_term_string"}],"inLanguage":"fr-FR"},{"@type":"Organization","@id":"https://seninterim.sn/#organization","name":"Sen Interim","url":"https://seninterim.sn/","logo":{"@type":"ImageObject","inLanguage":"fr-FR","@id":"https://seninterim.sn/#/schema/logo/image/","url":"https://seninterim.sn/wp-content/uploads/2022/07/cropped-cropped-telechargement-removebg-preview.png","contentUrl":"https://seninterim.sn/wp-content/uploads/2022/07/cropped-cropped-telechargement-removebg-preview.png","width":100,"height":100,"caption":"Sen Interim"},"image":{"@id":"https://seninterim.sn/#/schema/logo/image/"},"sameAs":["https://www.facebook.com/Senegalinterimaire","https://twitter.com/sen_interim"]}]}</script>
<!-- / Yoast SEO plugin. -->

Nous recrutons deux chauffeurs professionnels. • Bonne expression et compréhension de la langue française • Expérience avérée en tant que chauffeur dans un environnement professionnel • Habitué aux déplacements régionaux • Plus de 8 ans d’expérience dans le métier Envoyez votre candidature par e-mail au : recrutement@seninterim.sn
